{"id":155,"date":"2015-09-20T19:45:53","date_gmt":"2015-09-20T17:45:53","guid":{"rendered":"http:\/\/www.menschen-in-bewegung.de\/?page_id=155"},"modified":"2016-09-05T22:12:27","modified_gmt":"2016-09-05T20:12:27","slug":"events-fuer-kinder","status":"publish","type":"page","link":"https:\/\/www.menschen-in-bewegung.de\/index.php\/besondere-angebote\/events-fuer-kinder\/","title":{"rendered":"Events f\u00fcr Kinder"},"content":{"rendered":"<div id='gallery-1' class='gallery galleryid-155 gallery-columns-4 gallery-size-thumbnail'><figure class='gallery-item'>\n\t\t\t<div class='gallery-icon landscape'>\n\t\t\t\t<a href='https:\/\/www.menschen-in-bewegung.de\/wp-content\/uploads\/2015\/09\/facebook_1458244992047.jpg'><img loading=\"lazy\" decoding=\"async\" width=\"150\" height=\"150\" src=\"https:\/\/www.menschen-in-bewegung.de\/wp-content\/uploads\/2015\/09\/facebook_1458244992047-150x150.jpg\" class=\"attachment-thumbnail size-thumbnail\" alt=\"\" \/><\/a>\n\t\t\t<\/div><\/figure><figure class='gallery-item'>\n\t\t\t<div class='gallery-icon landscape'>\n\t\t\t\t<a href='https:\/\/www.menschen-in-bewegung.de\/wp-content\/uploads\/2015\/09\/facebook_1458244877941.jpg'><img loading=\"lazy\" decoding=\"async\" width=\"150\" height=\"150\" src=\"https:\/\/www.menschen-in-bewegung.de\/wp-content\/uploads\/2015\/09\/facebook_1458244877941-150x150.jpg\" class=\"attachment-thumbnail size-thumbnail\" alt=\"\" \/><\/a>\n\t\t\t<\/div><\/figure><figure class='gallery-item'>\n\t\t\t<div class='gallery-icon landscape'>\n\t\t\t\t<a href='https:\/\/www.menschen-in-bewegung.de\/wp-content\/uploads\/2015\/09\/facebook_1458244923333.jpg'><img loading=\"lazy\" decoding=\"async\" width=\"150\" height=\"150\" src=\"https:\/\/www.menschen-in-bewegung.de\/wp-content\/uploads\/2015\/09\/facebook_1458244923333-150x150.jpg\" class=\"attachment-thumbnail size-thumbnail\" alt=\"\" \/><\/a>\n\t\t\t<\/div><\/figure><figure class='gallery-item'>\n\t\t\t<div class='gallery-icon landscape'>\n\t\t\t\t<a href='https:\/\/www.menschen-in-bewegung.de\/wp-content\/uploads\/2015\/09\/facebook_1458244901756.jpg'><img loading=\"lazy\" decoding=\"async\" width=\"150\" height=\"150\" src=\"https:\/\/www.menschen-in-bewegung.de\/wp-content\/uploads\/2015\/09\/facebook_1458244901756-150x150.jpg\" class=\"attachment-thumbnail size-thumbnail\" alt=\"\" \/><\/a>\n\t\t\t<\/div><\/figure>\n\t\t<\/div>\n\n<p>Auch bei Festen aller Art bringen wir gerne Menschen in Bewegung.<\/p>\n<p>Wie in unseren Sportgruppen haben wir auch bei Familien- und Stadtfesten, Firmenjubil\u00e4en und Tagungen etc. gro\u00dfen Spa\u00df daran alle Menschen in Bewegung zu bringen und Spa\u00df durch Bewegung zu vermitteln.<\/p>\n<p>Durch unsere langj\u00e4hrigen Erfahrungen k\u00f6nnen wir uns auf verschiedene und gemischte Alters- und Personengruppen sowie auf verschiedene \u00f6rtliche Gegebenheiten einstellen. So k\u00f6nnen wir zum Beispiel auch f\u00fcr die Kleinsten Spiel und Spa\u00df Angebote gestalten.<\/p>\n<p>Spielangebote sind zum Beispiel:<\/p>\n<ul>\n<li>Bobbycar-, Rollbrett-, Fahrrad-, Rollstuhlbahn mit Rampen, Wippen, Stra\u00dfenschildern usw.<\/li>\n<li>Verschiedene Ballspiele wie Jonglage, Street-Tennis, Luftballonfederball usw.<\/li>\n<li>Kinderschminken, Seifenblasen, Bastelangebote<\/li>\n<li>Gruppenspiele am Schwungtuch<\/li>\n<li>und vieles mehr<\/li>\n<\/ul>\n<p>Wenn Sie sich f\u00fcr Ihre Veranstaltung eine flexible, Familienfreundliche und qualitative Kinderbetreuung w\u00fcnschen, schreiben Sie uns \u00fcber unser <a href=\"\/index.php\/kontakt\/\" target=\"_self\"><i class=\"fa fa-share\"><\/i> Kontaktformular<\/a>. Unser Team stellt sich gerne auf die verschiedensten Begebenheiten ein und stimmt mit Ihnen die m\u00f6glichen Aktivit\u00e4ten ab.<\/p>\n","protected":false},"excerpt":{"rendered":"<p>Auch bei Festen aller Art bringen wir gerne Menschen in Bewegung. Wie in unseren Sportgruppen haben wir auch bei Familien- und Stadtfesten, Firmenjubil\u00e4en und Tagungen etc. gro\u00dfen Spa\u00df daran alle &#8230; <a class=\"read-more\" href=\"https:\/\/www.menschen-in-bewegung.de\/index.php\/besondere-angebote\/events-fuer-kinder\/\"><b>Weiterlesen<\/b><\/a><\/p>\n","protected":false},"author":7,"featured_media":0,"parent":90,"menu_order":1,"comment_status":"closed","ping_status":"closed","template":"","meta":{"footnotes":""},"class_list":["post-155","page","type-page","status-publish"],"yoast_head":"<!-- This site is optimized with the Yoast SEO plugin v26.8 - https:\/\/yoast.com\/product\/yoast-seo-wordpress\/ -->\n<title>Events f\u00fcr Kinder - Menschen in Bewegung e.V.<\/title>\n<meta name=\"robots\" content=\"index, follow, max-snippet:-1, max-image-preview:large, max-video-preview:-1\" \/>\n<link rel=\"canonical\" href=\"https:\/\/www.menschen-in-bewegung.de\/index.php\/besondere-angebote\/events-fuer-kinder\/\" \/>\n<meta property=\"og:locale\" content=\"de_DE\" \/>\n<meta property=\"og:type\" content=\"article\" \/>\n<meta property=\"og:title\" content=\"Events f\u00fcr Kinder - Menschen in Bewegung e.V.\" \/>\n<meta property=\"og:description\" content=\"Auch bei Festen aller Art bringen wir gerne Menschen in Bewegung. Wie in unseren Sportgruppen haben wir auch bei Familien- und Stadtfesten, Firmenjubil\u00e4en und Tagungen etc. gro\u00dfen Spa\u00df daran alle ... Weiterlesen\" \/>\n<meta property=\"og:url\" content=\"https:\/\/www.menschen-in-bewegung.de\/index.php\/besondere-angebote\/events-fuer-kinder\/\" \/>\n<meta property=\"og:site_name\" content=\"Menschen in Bewegung e.V.\" \/>\n<meta property=\"article:modified_time\" content=\"2016-09-05T20:12:27+00:00\" \/>\n<meta property=\"og:image\" content=\"https:\/\/www.menschen-in-bewegung.de\/wp-content\/uploads\/2015\/09\/facebook_1458244992047-150x150.jpg\" \/>\n<meta name=\"twitter:card\" content=\"summary_large_image\" \/>\n<meta name=\"twitter:label1\" content=\"Gesch\u00e4tzte Lesezeit\" \/>\n\t<meta name=\"twitter:data1\" content=\"1\u00a0Minute\" \/>\n<script type=\"application\/ld+json\" class=\"yoast-schema-graph\">{\"@context\":\"https:\/\/schema.org\",\"@graph\":[{\"@type\":\"WebPage\",\"@id\":\"https:\/\/www.menschen-in-bewegung.de\/index.php\/besondere-angebote\/events-fuer-kinder\/\",\"url\":\"https:\/\/www.menschen-in-bewegung.de\/index.php\/besondere-angebote\/events-fuer-kinder\/\",\"name\":\"Events f\u00fcr Kinder - Menschen in Bewegung e.V.\",\"isPartOf\":{\"@id\":\"https:\/\/www.menschen-in-bewegung.de\/#website\"},\"datePublished\":\"2015-09-20T17:45:53+00:00\",\"dateModified\":\"2016-09-05T20:12:27+00:00\",\"breadcrumb\":{\"@id\":\"https:\/\/www.menschen-in-bewegung.de\/index.php\/besondere-angebote\/events-fuer-kinder\/#breadcrumb\"},\"inLanguage\":\"de\",\"potentialAction\":[{\"@type\":\"ReadAction\",\"target\":[\"https:\/\/www.menschen-in-bewegung.de\/index.php\/besondere-angebote\/events-fuer-kinder\/\"]}]},{\"@type\":\"BreadcrumbList\",\"@id\":\"https:\/\/www.menschen-in-bewegung.de\/index.php\/besondere-angebote\/events-fuer-kinder\/#breadcrumb\",\"itemListElement\":[{\"@type\":\"ListItem\",\"position\":1,\"name\":\"Home\",\"item\":\"https:\/\/www.menschen-in-bewegung.de\/\"},{\"@type\":\"ListItem\",\"position\":2,\"name\":\"Besondere Angebote\",\"item\":\"https:\/\/www.menschen-in-bewegung.de\/index.php\/besondere-angebote\/\"},{\"@type\":\"ListItem\",\"position\":3,\"name\":\"Events f\u00fcr Kinder\"}]},{\"@type\":\"WebSite\",\"@id\":\"https:\/\/www.menschen-in-bewegung.de\/#website\",\"url\":\"https:\/\/www.menschen-in-bewegung.de\/\",\"name\":\"Menschen in Bewegung e.V.\",\"description\":\"\",\"publisher\":{\"@id\":\"https:\/\/www.menschen-in-bewegung.de\/#organization\"},\"potentialAction\":[{\"@type\":\"SearchAction\",\"target\":{\"@type\":\"EntryPoint\",\"urlTemplate\":\"https:\/\/www.menschen-in-bewegung.de\/?s={search_term_string}\"},\"query-input\":{\"@type\":\"PropertyValueSpecification\",\"valueRequired\":true,\"valueName\":\"search_term_string\"}}],\"inLanguage\":\"de\"},{\"@type\":\"Organization\",\"@id\":\"https:\/\/www.menschen-in-bewegung.de\/#organization\",\"name\":\"Menschen in Bewegung e.V.\",\"url\":\"https:\/\/www.menschen-in-bewegung.de\/\",\"logo\":{\"@type\":\"ImageObject\",\"inLanguage\":\"de\",\"@id\":\"https:\/\/www.menschen-in-bewegung.de\/#\/schema\/logo\/image\/\",\"url\":\"https:\/\/www.menschen-in-bewegung.de\/wp-content\/uploads\/2015\/11\/logo_mebe_v2.png\",\"contentUrl\":\"https:\/\/www.menschen-in-bewegung.de\/wp-content\/uploads\/2015\/11\/logo_mebe_v2.png\",\"width\":500,\"height\":100,\"caption\":\"Menschen in Bewegung e.V.\"},\"image\":{\"@id\":\"https:\/\/www.menschen-in-bewegung.de\/#\/schema\/logo\/image\/\"}}]}<\/script>\n<!-- \/ Yoast SEO plugin. -->","yoast_head_json":{"title":"Events f\u00fcr Kinder - Menschen in Bewegung e.V.","robots":{"index":"index","follow":"follow","max-snippet":"max-snippet:-1","max-image-preview":"max-image-preview:large","max-video-preview":"max-video-preview:-1"},"canonical":"https:\/\/www.menschen-in-bewegung.de\/index.php\/besondere-angebote\/events-fuer-kinder\/","og_locale":"de_DE","og_type":"article","og_title":"Events f\u00fcr Kinder - Menschen in Bewegung e.V.","og_description":"Auch bei Festen aller Art bringen wir gerne Menschen in Bewegung. Wie in unseren Sportgruppen haben wir auch bei Familien- und Stadtfesten, Firmenjubil\u00e4en und Tagungen etc. gro\u00dfen Spa\u00df daran alle ... Weiterlesen","og_url":"https:\/\/www.menschen-in-bewegung.de\/index.php\/besondere-angebote\/events-fuer-kinder\/","og_site_name":"Menschen in Bewegung e.V.","article_modified_time":"2016-09-05T20:12:27+00:00","og_image":[{"url":"https:\/\/www.menschen-in-bewegung.de\/wp-content\/uploads\/2015\/09\/facebook_1458244992047-150x150.jpg","type":"","width":"","height":""}],"twitter_card":"summary_large_image","twitter_misc":{"Gesch\u00e4tzte Lesezeit":"1\u00a0Minute"},"schema":{"@context":"https:\/\/schema.org","@graph":[{"@type":"WebPage","@id":"https:\/\/www.menschen-in-bewegung.de\/index.php\/besondere-angebote\/events-fuer-kinder\/","url":"https:\/\/www.menschen-in-bewegung.de\/index.php\/besondere-angebote\/events-fuer-kinder\/","name":"Events f\u00fcr Kinder - Menschen in Bewegung e.V.","isPartOf":{"@id":"https:\/\/www.menschen-in-bewegung.de\/#website"},"datePublished":"2015-09-20T17:45:53+00:00","dateModified":"2016-09-05T20:12:27+00:00","breadcrumb":{"@id":"https:\/\/www.menschen-in-bewegung.de\/index.php\/besondere-angebote\/events-fuer-kinder\/#breadcrumb"},"inLanguage":"de","potentialAction":[{"@type":"ReadAction","target":["https:\/\/www.menschen-in-bewegung.de\/index.php\/besondere-angebote\/events-fuer-kinder\/"]}]},{"@type":"BreadcrumbList","@id":"https:\/\/www.menschen-in-bewegung.de\/index.php\/besondere-angebote\/events-fuer-kinder\/#breadcrumb","itemListElement":[{"@type":"ListItem","position":1,"name":"Home","item":"https:\/\/www.menschen-in-bewegung.de\/"},{"@type":"ListItem","position":2,"name":"Besondere Angebote","item":"https:\/\/www.menschen-in-bewegung.de\/index.php\/besondere-angebote\/"},{"@type":"ListItem","position":3,"name":"Events f\u00fcr Kinder"}]},{"@type":"WebSite","@id":"https:\/\/www.menschen-in-bewegung.de\/#website","url":"https:\/\/www.menschen-in-bewegung.de\/","name":"Menschen in Bewegung e.V.","description":"","publisher":{"@id":"https:\/\/www.menschen-in-bewegung.de\/#organization"},"potentialAction":[{"@type":"SearchAction","target":{"@type":"EntryPoint","urlTemplate":"https:\/\/www.menschen-in-bewegung.de\/?s={search_term_string}"},"query-input":{"@type":"PropertyValueSpecification","valueRequired":true,"valueName":"search_term_string"}}],"inLanguage":"de"},{"@type":"Organization","@id":"https:\/\/www.menschen-in-bewegung.de\/#organization","name":"Menschen in Bewegung e.V.","url":"https:\/\/www.menschen-in-bewegung.de\/","logo":{"@type":"ImageObject","inLanguage":"de","@id":"https:\/\/www.menschen-in-bewegung.de\/#\/schema\/logo\/image\/","url":"https:\/\/www.menschen-in-bewegung.de\/wp-content\/uploads\/2015\/11\/logo_mebe_v2.png","contentUrl":"https:\/\/www.menschen-in-bewegung.de\/wp-content\/uploads\/2015\/11\/logo_mebe_v2.png","width":500,"height":100,"caption":"Menschen in Bewegung e.V."},"image":{"@id":"https:\/\/www.menschen-in-bewegung.de\/#\/schema\/logo\/image\/"}}]}},"_links":{"self":[{"href":"https:\/\/www.menschen-in-bewegung.de\/index.php\/wp-json\/wp\/v2\/pages\/155","targetHints":{"allow":["GET"]}}],"collection":[{"href":"https:\/\/www.menschen-in-bewegung.de\/index.php\/wp-json\/wp\/v2\/pages"}],"about":[{"href":"https:\/\/www.menschen-in-bewegung.de\/index.php\/wp-json\/wp\/v2\/types\/page"}],"author":[{"embeddable":true,"href":"https:\/\/www.menschen-in-bewegung.de\/index.php\/wp-json\/wp\/v2\/users\/7"}],"replies":[{"embeddable":true,"href":"https:\/\/www.menschen-in-bewegung.de\/index.php\/wp-json\/wp\/v2\/comments?post=155"}],"version-history":[{"count":6,"href":"https:\/\/www.menschen-in-bewegung.de\/index.php\/wp-json\/wp\/v2\/pages\/155\/revisions"}],"predecessor-version":[{"id":821,"href":"https:\/\/www.menschen-in-bewegung.de\/index.php\/wp-json\/wp\/v2\/pages\/155\/revisions\/821"}],"up":[{"embeddable":true,"href":"https:\/\/www.menschen-in-bewegung.de\/index.php\/wp-json\/wp\/v2\/pages\/90"}],"wp:attachment":[{"href":"https:\/\/www.menschen-in-bewegung.de\/index.php\/wp-json\/wp\/v2\/media?parent=155"}],"curies":[{"name":"wp","href":"https:\/\/api.w.org\/{rel}","templated":true}]}}