{"id":29,"date":"2015-08-12T23:47:09","date_gmt":"2015-08-12T21:47:09","guid":{"rendered":"http:\/\/www.menschen-in-bewegung.de\/?page_id=29"},"modified":"2026-03-09T20:41:29","modified_gmt":"2026-03-09T19:41:29","slug":"sportkiddies","status":"publish","type":"page","link":"https:\/\/www.menschen-in-bewegung.de\/index.php\/sportangebote\/kinderturnen\/sportkiddies\/","title":{"rendered":"Sportkiddies"},"content":{"rendered":"<p>Sport und Spa\u00df f\u00fcr 4 bis 7 J\u00e4hrige<\/p>\n<p>Damit das Kind sich gut in die Gruppe einleben kann, soll es an den ersten f\u00fcnf Terminen begleitet werden.<br \/>\nDiese Gruppe wird von einer \u00dcbungsleiterin geleitet und von einem Assistenten unterst\u00fctzt.<\/p>\n<h2>Ablauf<\/h2>\n<p>Nach einem Begr\u00fc\u00dfungslied und einem Aufw\u00e4rmspiel, bauen wir gemeinsam eine Bewegungslandschaft auf. Hier k\u00f6nnen die Grundfertigkeiten wie Balancieren, Rollen, Springen und Laufen ge\u00fcbt werden. Erg\u00e4nzt wird das Ganze durch Kleinmaterialien wie z.B. B\u00e4lle, Reifen und Seile zum Werfen, Fangen, Springen etc.<br \/>\nEs gilt, jeder entscheidet selber, was er\/sie ausprobieren m\u00f6chte, je nach Interesse und k\u00f6rperlicher Reife.<br \/>\nEin Abschiedskreis beschlie\u00dft die Turnstunde.<\/p>\n<h2>\u00dcbungsleitung<\/h2>\n<ul>\n<li><u>Dienstag<\/u><br \/>\nMareike Werz<br \/>\n<a href=\"mailto:mareike@menschen-in-bewegung.de\">\u2709 mareike@menschen-in-bewegung.de<\/a><br \/>\nJulia Claussen (Assistenz)<\/li>\n<li><u>Mittwoch<\/u><br \/>\nMathias Kaiser (Leitung)<br \/>\n<a href=\"mailto:mathias@menschen-in-bewegung.de\">\u2709 mathias@menschen-in-bewegung.de<\/a><br \/>\nLisa Dettmann (Assistenz)<\/li>\n<\/ul>\n<p><a href=\"\/index.php\/unser-team\/\" target=\"_self\" rel=\"noopener noreferrer\">&#8230;mehr Infos zum Team<\/a><\/p>\n<h2>Mitgliedschaft<\/h2>\n<p>Wir laden jeden herzlich ein unsere Sportangebote unverbindlich auszuprobieren.<\/p>\n<p>F\u00fcr Mitglieder erheben wir einen monatlichen Vereinsbeitrag in H\u00f6he von 12,00 Euro, f\u00fcr Geschwisterkinder 8,00 Euro.<\/p>\n<p style=\"color: #d4383a;\">Bitte beachte unsere <a href=\"\/index.php\/infos-fuer-teilnehmer\/\" target=\"_self\" rel=\"noopener noreferrer\">Infos f\u00fcr Teilnehmer<\/a>.<\/p>\n<h2>Zeit<\/h2>\n<ul>\n<li>Dienstag 16:00 &#8211; 17:30 Uhr<\/li>\n<li>Mittwoch 15:30 &#8211; 16:45 Uhr<\/li>\n<\/ul>\n<h2>Ort<\/h2>\n<p>Sporthalle der Franz-Claudius-Grundschule<br \/>\nFalkenburger Str. 94<br \/>\n23795 Bad Segeberg<\/p>\n<p><iframe loading=\"lazy\" style=\"border: 0;\" src=\"https:\/\/www.google.com\/maps\/embed?pb=!1m18!1m12!1m3!1d2037.5456471234897!2d10.294251315439892!3d53.929463142567485!2m3!1f0!2f0!3f0!3m2!1i1024!2i768!4f13.1!3m3!1m2!1s0x47b23e3fa14f7c35%3A0xdea23a7248290979!2sFalkenburger+Str.+94%2C+23795+Bad+Segeberg!5e1!3m2!1sde!2sde!4v1452429097048\" width=\"1024\" height=\"450\" frameborder=\"0\" allowfullscreen=\"allowfullscreen\"><\/iframe><\/p>\n","protected":false},"excerpt":{"rendered":"<p>Sport und Spa\u00df f\u00fcr 4 bis 7 J\u00e4hrige Damit das Kind sich gut in die Gruppe einleben kann, soll es an den ersten f\u00fcnf Terminen begleitet werden. Diese Gruppe wird &#8230; <a class=\"read-more\" href=\"https:\/\/www.menschen-in-bewegung.de\/index.php\/sportangebote\/kinderturnen\/sportkiddies\/\"><b>Weiterlesen<\/b><\/a><\/p>\n","protected":false},"author":7,"featured_media":0,"parent":118,"menu_order":2,"comment_status":"closed","ping_status":"closed","template":"","meta":{"footnotes":""},"class_list":["post-29","page","type-page","status-publish"],"yoast_head":"<!-- This site is optimized with the Yoast SEO plugin v26.8 - https:\/\/yoast.com\/product\/yoast-seo-wordpress\/ -->\n<title>Sportkiddies - Menschen in Bewegung e.V.<\/title>\n<meta name=\"robots\" content=\"index, follow, max-snippet:-1, max-image-preview:large, max-video-preview:-1\" \/>\n<link rel=\"canonical\" href=\"https:\/\/www.menschen-in-bewegung.de\/index.php\/sportangebote\/kinderturnen\/sportkiddies\/\" \/>\n<meta property=\"og:locale\" content=\"de_DE\" \/>\n<meta property=\"og:type\" content=\"article\" \/>\n<meta property=\"og:title\" content=\"Sportkiddies - Menschen in Bewegung e.V.\" \/>\n<meta property=\"og:description\" content=\"Sport und Spa\u00df f\u00fcr 4 bis 7 J\u00e4hrige Damit das Kind sich gut in die Gruppe einleben kann, soll es an den ersten f\u00fcnf Terminen begleitet werden. Diese Gruppe wird ... Weiterlesen\" \/>\n<meta property=\"og:url\" content=\"https:\/\/www.menschen-in-bewegung.de\/index.php\/sportangebote\/kinderturnen\/sportkiddies\/\" \/>\n<meta property=\"og:site_name\" content=\"Menschen in Bewegung e.V.\" \/>\n<meta property=\"article:modified_time\" content=\"2026-03-09T19:41:29+00:00\" \/>\n<meta name=\"twitter:card\" content=\"summary_large_image\" \/>\n<meta name=\"twitter:label1\" content=\"Gesch\u00e4tzte Lesezeit\" \/>\n\t<meta name=\"twitter:data1\" content=\"1\u00a0Minute\" \/>\n<script type=\"application\/ld+json\" class=\"yoast-schema-graph\">{\"@context\":\"https:\/\/schema.org\",\"@graph\":[{\"@type\":\"WebPage\",\"@id\":\"https:\/\/www.menschen-in-bewegung.de\/index.php\/sportangebote\/kinderturnen\/sportkiddies\/\",\"url\":\"https:\/\/www.menschen-in-bewegung.de\/index.php\/sportangebote\/kinderturnen\/sportkiddies\/\",\"name\":\"Sportkiddies - Menschen in Bewegung e.V.\",\"isPartOf\":{\"@id\":\"https:\/\/www.menschen-in-bewegung.de\/#website\"},\"datePublished\":\"2015-08-12T21:47:09+00:00\",\"dateModified\":\"2026-03-09T19:41:29+00:00\",\"breadcrumb\":{\"@id\":\"https:\/\/www.menschen-in-bewegung.de\/index.php\/sportangebote\/kinderturnen\/sportkiddies\/#breadcrumb\"},\"inLanguage\":\"de\",\"potentialAction\":[{\"@type\":\"ReadAction\",\"target\":[\"https:\/\/www.menschen-in-bewegung.de\/index.php\/sportangebote\/kinderturnen\/sportkiddies\/\"]}]},{\"@type\":\"BreadcrumbList\",\"@id\":\"https:\/\/www.menschen-in-bewegung.de\/index.php\/sportangebote\/kinderturnen\/sportkiddies\/#breadcrumb\",\"itemListElement\":[{\"@type\":\"ListItem\",\"position\":1,\"name\":\"Home\",\"item\":\"https:\/\/www.menschen-in-bewegung.de\/\"},{\"@type\":\"ListItem\",\"position\":2,\"name\":\"Sportangebote\",\"item\":\"https:\/\/www.menschen-in-bewegung.de\/index.php\/sportangebote\/\"},{\"@type\":\"ListItem\",\"position\":3,\"name\":\"Kinderturnen\",\"item\":\"https:\/\/www.menschen-in-bewegung.de\/index.php\/sportangebote\/kinderturnen\/\"},{\"@type\":\"ListItem\",\"position\":4,\"name\":\"Sportkiddies\"}]},{\"@type\":\"WebSite\",\"@id\":\"https:\/\/www.menschen-in-bewegung.de\/#website\",\"url\":\"https:\/\/www.menschen-in-bewegung.de\/\",\"name\":\"Menschen in Bewegung e.V.\",\"description\":\"\",\"publisher\":{\"@id\":\"https:\/\/www.menschen-in-bewegung.de\/#organization\"},\"potentialAction\":[{\"@type\":\"SearchAction\",\"target\":{\"@type\":\"EntryPoint\",\"urlTemplate\":\"https:\/\/www.menschen-in-bewegung.de\/?s={search_term_string}\"},\"query-input\":{\"@type\":\"PropertyValueSpecification\",\"valueRequired\":true,\"valueName\":\"search_term_string\"}}],\"inLanguage\":\"de\"},{\"@type\":\"Organization\",\"@id\":\"https:\/\/www.menschen-in-bewegung.de\/#organization\",\"name\":\"Menschen in Bewegung e.V.\",\"url\":\"https:\/\/www.menschen-in-bewegung.de\/\",\"logo\":{\"@type\":\"ImageObject\",\"inLanguage\":\"de\",\"@id\":\"https:\/\/www.menschen-in-bewegung.de\/#\/schema\/logo\/image\/\",\"url\":\"https:\/\/www.menschen-in-bewegung.de\/wp-content\/uploads\/2015\/11\/logo_mebe_v2.png\",\"contentUrl\":\"https:\/\/www.menschen-in-bewegung.de\/wp-content\/uploads\/2015\/11\/logo_mebe_v2.png\",\"width\":500,\"height\":100,\"caption\":\"Menschen in Bewegung e.V.\"},\"image\":{\"@id\":\"https:\/\/www.menschen-in-bewegung.de\/#\/schema\/logo\/image\/\"}}]}<\/script>\n<!-- \/ Yoast SEO plugin. -->","yoast_head_json":{"title":"Sportkiddies - Menschen in Bewegung e.V.","robots":{"index":"index","follow":"follow","max-snippet":"max-snippet:-1","max-image-preview":"max-image-preview:large","max-video-preview":"max-video-preview:-1"},"canonical":"https:\/\/www.menschen-in-bewegung.de\/index.php\/sportangebote\/kinderturnen\/sportkiddies\/","og_locale":"de_DE","og_type":"article","og_title":"Sportkiddies - Menschen in Bewegung e.V.","og_description":"Sport und Spa\u00df f\u00fcr 4 bis 7 J\u00e4hrige Damit das Kind sich gut in die Gruppe einleben kann, soll es an den ersten f\u00fcnf Terminen begleitet werden. Diese Gruppe wird ... Weiterlesen","og_url":"https:\/\/www.menschen-in-bewegung.de\/index.php\/sportangebote\/kinderturnen\/sportkiddies\/","og_site_name":"Menschen in Bewegung e.V.","article_modified_time":"2026-03-09T19:41:29+00:00","twitter_card":"summary_large_image","twitter_misc":{"Gesch\u00e4tzte Lesezeit":"1\u00a0Minute"},"schema":{"@context":"https:\/\/schema.org","@graph":[{"@type":"WebPage","@id":"https:\/\/www.menschen-in-bewegung.de\/index.php\/sportangebote\/kinderturnen\/sportkiddies\/","url":"https:\/\/www.menschen-in-bewegung.de\/index.php\/sportangebote\/kinderturnen\/sportkiddies\/","name":"Sportkiddies - Menschen in Bewegung e.V.","isPartOf":{"@id":"https:\/\/www.menschen-in-bewegung.de\/#website"},"datePublished":"2015-08-12T21:47:09+00:00","dateModified":"2026-03-09T19:41:29+00:00","breadcrumb":{"@id":"https:\/\/www.menschen-in-bewegung.de\/index.php\/sportangebote\/kinderturnen\/sportkiddies\/#breadcrumb"},"inLanguage":"de","potentialAction":[{"@type":"ReadAction","target":["https:\/\/www.menschen-in-bewegung.de\/index.php\/sportangebote\/kinderturnen\/sportkiddies\/"]}]},{"@type":"BreadcrumbList","@id":"https:\/\/www.menschen-in-bewegung.de\/index.php\/sportangebote\/kinderturnen\/sportkiddies\/#breadcrumb","itemListElement":[{"@type":"ListItem","position":1,"name":"Home","item":"https:\/\/www.menschen-in-bewegung.de\/"},{"@type":"ListItem","position":2,"name":"Sportangebote","item":"https:\/\/www.menschen-in-bewegung.de\/index.php\/sportangebote\/"},{"@type":"ListItem","position":3,"name":"Kinderturnen","item":"https:\/\/www.menschen-in-bewegung.de\/index.php\/sportangebote\/kinderturnen\/"},{"@type":"ListItem","position":4,"name":"Sportkiddies"}]},{"@type":"WebSite","@id":"https:\/\/www.menschen-in-bewegung.de\/#website","url":"https:\/\/www.menschen-in-bewegung.de\/","name":"Menschen in Bewegung e.V.","description":"","publisher":{"@id":"https:\/\/www.menschen-in-bewegung.de\/#organization"},"potentialAction":[{"@type":"SearchAction","target":{"@type":"EntryPoint","urlTemplate":"https:\/\/www.menschen-in-bewegung.de\/?s={search_term_string}"},"query-input":{"@type":"PropertyValueSpecification","valueRequired":true,"valueName":"search_term_string"}}],"inLanguage":"de"},{"@type":"Organization","@id":"https:\/\/www.menschen-in-bewegung.de\/#organization","name":"Menschen in Bewegung e.V.","url":"https:\/\/www.menschen-in-bewegung.de\/","logo":{"@type":"ImageObject","inLanguage":"de","@id":"https:\/\/www.menschen-in-bewegung.de\/#\/schema\/logo\/image\/","url":"https:\/\/www.menschen-in-bewegung.de\/wp-content\/uploads\/2015\/11\/logo_mebe_v2.png","contentUrl":"https:\/\/www.menschen-in-bewegung.de\/wp-content\/uploads\/2015\/11\/logo_mebe_v2.png","width":500,"height":100,"caption":"Menschen in Bewegung e.V."},"image":{"@id":"https:\/\/www.menschen-in-bewegung.de\/#\/schema\/logo\/image\/"}}]}},"_links":{"self":[{"href":"https:\/\/www.menschen-in-bewegung.de\/index.php\/wp-json\/wp\/v2\/pages\/29","targetHints":{"allow":["GET"]}}],"collection":[{"href":"https:\/\/www.menschen-in-bewegung.de\/index.php\/wp-json\/wp\/v2\/pages"}],"about":[{"href":"https:\/\/www.menschen-in-bewegung.de\/index.php\/wp-json\/wp\/v2\/types\/page"}],"author":[{"embeddable":true,"href":"https:\/\/www.menschen-in-bewegung.de\/index.php\/wp-json\/wp\/v2\/users\/7"}],"replies":[{"embeddable":true,"href":"https:\/\/www.menschen-in-bewegung.de\/index.php\/wp-json\/wp\/v2\/comments?post=29"}],"version-history":[{"count":21,"href":"https:\/\/www.menschen-in-bewegung.de\/index.php\/wp-json\/wp\/v2\/pages\/29\/revisions"}],"predecessor-version":[{"id":1324,"href":"https:\/\/www.menschen-in-bewegung.de\/index.php\/wp-json\/wp\/v2\/pages\/29\/revisions\/1324"}],"up":[{"embeddable":true,"href":"https:\/\/www.menschen-in-bewegung.de\/index.php\/wp-json\/wp\/v2\/pages\/118"}],"wp:attachment":[{"href":"https:\/\/www.menschen-in-bewegung.de\/index.php\/wp-json\/wp\/v2\/media?parent=29"}],"curies":[{"name":"wp","href":"https:\/\/api.w.org\/{rel}","templated":true}]}}

<p>Sport und Spaß für 4 bis 7 Jährige</p>
<p>Damit das Kind sich gut in die Gruppe einleben kann, soll es an den ersten fünf Terminen begleitet werden.<br />
Diese Gruppe wird von einer Übungsleiterin geleitet und von einem Assistenten unterstützt.</p>
<h2>Ablauf</h2>
<p>Nach einem Begrüßungslied und einem Aufwärmspiel, bauen wir gemeinsam eine Bewegungslandschaft auf. Hier können die Grundfertigkeiten wie Balancieren, Rollen, Springen und Laufen geübt werden. Ergänzt wird das Ganze durch Kleinmaterialien wie z.B. Bälle, Reifen und Seile zum Werfen, Fangen, Springen etc.<br />
Es gilt, jeder entscheidet selber, was er/sie ausprobieren möchte, je nach Interesse und körperlicher Reife.<br />
Ein Abschiedskreis beschließt die Turnstunde.</p>
<h2>Übungsleitung</h2>
<ul>
<li><u>Dienstag</u><br />
Mareike Werz<br />
<a href="mailto:mareike@menschen-in-bewegung.de">✉ mareike@menschen-in-bewegung.de</a><br />
Julia Claussen (Assistenz)</li>
<li><u>Mittwoch</u><br />
Mathias Kaiser (Leitung)<br />
<a href="mailto:mathias@menschen-in-bewegung.de">✉ mathias@menschen-in-bewegung.de</a><br />
Lisa Dettmann (Assistenz)</li>
</ul>
<p><a href="/index.php/unser-team/" target="_self" rel="noopener noreferrer">&#8230;mehr Infos zum Team</a></p>
<h2>Mitgliedschaft</h2>
<p>Wir laden jeden herzlich ein unsere Sportangebote unverbindlich auszuprobieren.</p>
<p>Für Mitglieder erheben wir einen monatlichen Vereinsbeitrag in Höhe von 12,00 Euro, für Geschwisterkinder 8,00 Euro.</p>
<p style="color: #d4383a;">Bitte beachte unsere <a href="/index.php/infos-fuer-teilnehmer/" target="_self" rel="noopener noreferrer">Infos für Teilnehmer</a>.</p>
<h2>Zeit</h2>
<ul>
<li>Dienstag 16:00 &#8211; 17:30 Uhr</li>
<li>Mittwoch 15:30 &#8211; 16:45 Uhr</li>
</ul>
<h2>Ort</h2>
<p>Sporthalle der Franz-Claudius-Grundschule<br />
Falkenburger Str. 94<br />
23795 Bad Segeberg</p>
<p><iframe loading="lazy" style="border: 0;" src="https://www.google.com/maps/embed?pb=!1m18!1m12!1m3!1d2037.5456471234897!2d10.294251315439892!3d53.929463142567485!2m3!1f0!2f0!3f0!3m2!1i1024!2i768!4f13.1!3m3!1m2!1s0x47b23e3fa14f7c35%3A0xdea23a7248290979!2sFalkenburger+Str.+94%2C+23795+Bad+Segeberg!5e1!3m2!1sde!2sde!4v1452429097048" width="1024" height="450" frameborder="0" allowfullscreen="allowfullscreen"></iframe></p>

<p>Sport und Spaß für 4 bis 7 Jährige Damit das Kind sich gut in die Gruppe einleben kann, soll es an den ersten fünf Terminen begleitet werden. Diese Gruppe wird &#8230; <a class="read-more" href="https://www.menschen-in-bewegung.de/index.php/sportangebote/kinderturnen/sportkiddies/"><b>Weiterlesen</b></a></p>

<!-- This site is optimized with the Yoast SEO plugin v26.8 - https://yoast.com/product/yoast-seo-wordpress/ -->
<title>Sportkiddies - Menschen in Bewegung e.V.</title>
<meta name="robots" content="index, follow, max-snippet:-1, max-image-preview:large, max-video-preview:-1" />
<link rel="canonical" href="https://www.menschen-in-bewegung.de/index.php/sportangebote/kinderturnen/sportkiddies/" />
<meta property="og:locale" content="de_DE" />
<meta property="og:type" content="article" />
<meta property="og:title" content="Sportkiddies - Menschen in Bewegung e.V." />
<meta property="og:description" content="Sport und Spaß für 4 bis 7 Jährige Damit das Kind sich gut in die Gruppe einleben kann, soll es an den ersten fünf Terminen begleitet werden. Diese Gruppe wird ... Weiterlesen" />
<meta property="og:url" content="https://www.menschen-in-bewegung.de/index.php/sportangebote/kinderturnen/sportkiddies/" />
<meta property="og:site_name" content="Menschen in Bewegung e.V." />
<meta property="article:modified_time" content="2026-03-09T19:41:29+00:00" />
<meta name="twitter:card" content="summary_large_image" />
<meta name="twitter:label1" content="Geschätzte Lesezeit" />
	<meta name="twitter:data1" content="1 Minute" />
<script type="application/ld+json" class="yoast-schema-graph">{"@context":"https://schema.org","@graph":[{"@type":"WebPage","@id":"https://www.menschen-in-bewegung.de/index.php/sportangebote/kinderturnen/sportkiddies/","url":"https://www.menschen-in-bewegung.de/index.php/sportangebote/kinderturnen/sportkiddies/","name":"Sportkiddies - Menschen in Bewegung e.V.","isPartOf":{"@id":"https://www.menschen-in-bewegung.de/#website"},"datePublished":"2015-08-12T21:47:09+00:00","dateModified":"2026-03-09T19:41:29+00:00","breadcrumb":{"@id":"https://www.menschen-in-bewegung.de/index.php/sportangebote/kinderturnen/sportkiddies/#breadcrumb"},"inLanguage":"de","potentialAction":[{"@type":"ReadAction","target":["https://www.menschen-in-bewegung.de/index.php/sportangebote/kinderturnen/sportkiddies/"]}]},{"@type":"BreadcrumbList","@id":"https://www.menschen-in-bewegung.de/index.php/sportangebote/kinderturnen/sportkiddies/#breadcrumb","itemListElement":[{"@type":"ListItem","position":1,"name":"Home","item":"https://www.menschen-in-bewegung.de/"},{"@type":"ListItem","position":2,"name":"Sportangebote","item":"https://www.menschen-in-bewegung.de/index.php/sportangebote/"},{"@type":"ListItem","position":3,"name":"Kinderturnen","item":"https://www.menschen-in-bewegung.de/index.php/sportangebote/kinderturnen/"},{"@type":"ListItem","position":4,"name":"Sportkiddies"}]},{"@type":"WebSite","@id":"https://www.menschen-in-bewegung.de/#website","url":"https://www.menschen-in-bewegung.de/","name":"Menschen in Bewegung e.V.","description":"","publisher":{"@id":"https://www.menschen-in-bewegung.de/#organization"},"potentialAction":[{"@type":"SearchAction","target":{"@type":"EntryPoint","urlTemplate":"https://www.menschen-in-bewegung.de/?s={search_term_string}"},"query-input":{"@type":"PropertyValueSpecification","valueRequired":true,"valueName":"search_term_string"}}],"inLanguage":"de"},{"@type":"Organization","@id":"https://www.menschen-in-bewegung.de/#organization","name":"Menschen in Bewegung e.V.","url":"https://www.menschen-in-bewegung.de/","logo":{"@type":"ImageObject","inLanguage":"de","@id":"https://www.menschen-in-bewegung.de/#/schema/logo/image/","url":"https://www.menschen-in-bewegung.de/wp-content/uploads/2015/11/logo_mebe_v2.png","contentUrl":"https://www.menschen-in-bewegung.de/wp-content/uploads/2015/11/logo_mebe_v2.png","width":500,"height":100,"caption":"Menschen in Bewegung e.V."},"image":{"@id":"https://www.menschen-in-bewegung.de/#/schema/logo/image/"}}]}</script>
<!-- / Yoast SEO plugin. -->

Sport und Spaß für 4 bis 7 Jährige Damit das Kind sich gut in die Gruppe einleben kann, soll es an den ersten fünf Terminen begleitet werden. Diese Gruppe wird ... Weiterlesen
