{"id":75,"date":"2015-09-17T22:46:21","date_gmt":"2015-09-17T20:46:21","guid":{"rendered":"http:\/\/www.menschen-in-bewegung.de\/?page_id=75"},"modified":"2025-05-11T14:51:32","modified_gmt":"2025-05-11T12:51:32","slug":"mix-kids","status":"publish","type":"page","link":"https:\/\/www.menschen-in-bewegung.de\/index.php\/sportangebote\/kinderturnen\/mix-kids\/","title":{"rendered":"Mix Kids"},"content":{"rendered":"<p>Sport und Spa\u00df f\u00fcr Kinder mit und ohne k\u00f6rperlicher und\/oder geistiger Behinderung im Alter von 6 &#8211; 14 Jahren.<\/p>\n<p>Die Gruppe ist psychomotorisch ausgelegt, das heisst unter anderem, dass haupts\u00e4chlich die Kinder bestimmen, was gemacht wird.<br \/>\nNicht der Leistungsgedanke z\u00e4hlt, sondern die individuelle F\u00f6rderung und der Spa\u00df der Kinder.<\/p>\n<p>Unser Ziel ist es, mit den Kindern gemeinsam das Kinderturnabzeichen des Deutschen Turnerbundes so umzugestalten, dass es f\u00fcr jedes Kind m\u00f6glich ist, das Turnabzeichen zu machen.<\/p>\n<div style=\"margin: -15px 0 15px -5px;\">\n<div id='gallery-1' class='gallery galleryid-75 gallery-columns-6 gallery-size-thumbnail'><figure class='gallery-item'>\n\t\t\t<div class='gallery-icon landscape'>\n\t\t\t\t<a href='https:\/\/www.menschen-in-bewegung.de\/wp-content\/uploads\/2016\/01\/IMG_8987.jpg'><img loading=\"lazy\" decoding=\"async\" width=\"150\" height=\"150\" src=\"https:\/\/www.menschen-in-bewegung.de\/wp-content\/uploads\/2016\/01\/IMG_8987-150x150.jpg\" class=\"attachment-thumbnail size-thumbnail\" alt=\"Kinder auf Kletterger\u00fcst\" \/><\/a>\n\t\t\t<\/div><\/figure><figure class='gallery-item'>\n\t\t\t<div class='gallery-icon landscape'>\n\t\t\t\t<a href='https:\/\/www.menschen-in-bewegung.de\/wp-content\/uploads\/2016\/01\/IMG_8831.jpg'><img loading=\"lazy\" decoding=\"async\" width=\"150\" height=\"150\" src=\"https:\/\/www.menschen-in-bewegung.de\/wp-content\/uploads\/2016\/01\/IMG_8831-150x150.jpg\" class=\"attachment-thumbnail size-thumbnail\" alt=\"Kinder nach dem Sport\" \/><\/a>\n\t\t\t<\/div><\/figure><figure class='gallery-item'>\n\t\t\t<div class='gallery-icon landscape'>\n\t\t\t\t<a href='https:\/\/www.menschen-in-bewegung.de\/wp-content\/uploads\/2016\/01\/000IMG_8960.jpg'><img loading=\"lazy\" decoding=\"async\" width=\"150\" height=\"150\" src=\"https:\/\/www.menschen-in-bewegung.de\/wp-content\/uploads\/2016\/01\/000IMG_8960-150x150.jpg\" class=\"attachment-thumbnail size-thumbnail\" alt=\"Kinder auf Schaukel\" \/><\/a>\n\t\t\t<\/div><\/figure><figure class='gallery-item'>\n\t\t\t<div class='gallery-icon landscape'>\n\t\t\t\t<a href='https:\/\/www.menschen-in-bewegung.de\/wp-content\/uploads\/2016\/01\/0000IMG_8947.jpg'><img loading=\"lazy\" decoding=\"async\" width=\"150\" height=\"150\" src=\"https:\/\/www.menschen-in-bewegung.de\/wp-content\/uploads\/2016\/01\/0000IMG_8947-150x150.jpg\" class=\"attachment-thumbnail size-thumbnail\" alt=\"Kinder spielen Hockey\" \/><\/a>\n\t\t\t<\/div><\/figure><figure class='gallery-item'>\n\t\t\t<div class='gallery-icon landscape'>\n\t\t\t\t<a href='https:\/\/www.menschen-in-bewegung.de\/wp-content\/uploads\/2016\/01\/0000IMG_8744.jpg'><img loading=\"lazy\" decoding=\"async\" width=\"150\" height=\"150\" src=\"https:\/\/www.menschen-in-bewegung.de\/wp-content\/uploads\/2016\/01\/0000IMG_8744-150x150.jpg\" class=\"attachment-thumbnail size-thumbnail\" alt=\"Kinder sitzen in der Runde\" \/><\/a>\n\t\t\t<\/div><\/figure><figure class='gallery-item'>\n\t\t\t<div class='gallery-icon landscape'>\n\t\t\t\t<a href='https:\/\/www.menschen-in-bewegung.de\/wp-content\/uploads\/2016\/01\/0000IMG_8502.jpg'><img loading=\"lazy\" decoding=\"async\" width=\"150\" height=\"150\" src=\"https:\/\/www.menschen-in-bewegung.de\/wp-content\/uploads\/2016\/01\/0000IMG_8502-150x150.jpg\" class=\"attachment-thumbnail size-thumbnail\" alt=\"Laufende Kinder\" \/><\/a>\n\t\t\t<\/div><\/figure>\n\t\t<\/div>\n\n<\/div>\n<h2>\u00dcbungsleitung<\/h2>\n<p><em>bei jedem Treffen sind wechselnd drei \u00dcbungsleiter anwesend:<\/em><\/p>\n<p>Mathias Kaiser<br \/>\nMaxim Kaiser<br \/>\nJan Yusuf Hashem<br \/>\nAndrea Pr\u00fc\u00dfmann<br \/>\n<a href=\"\/index.php\/unser-team\/\" target=\"_self\" rel=\"noopener\">&#8230;mehr Infos zum Team<\/a><\/p>\n<h2>Kontakt<\/h2>\n<p><a href=\"mailto:mathias@menschen-in-bewegung.de\">\u2709 mathias@menschen-in-bewegung.de<\/a><\/p>\n<h2>Mitgliedschaft<\/h2>\n<p>Wir laden jeden herzlich ein unsere Sportangebote unverbindlich auszuprobieren.<\/p>\n<p>F\u00fcr Mitglieder erheben wir einen monatlichen Vereinsbeitrag in H\u00f6he von 12,00 Euro, f\u00fcr Geschwisterkinder 8,00 Euro. Das erweiterte organisatorische und betreuerische Angebot der Mix-Kids-Gruppe erfordert einen zus\u00e4tzlichen Gruppenbeitrag in H\u00f6he von 8,00 Euro.<\/p>\n<p><b>Rehasportverordnung<\/b><br \/>\nDurch die Vorlage einer Rehasportverordnung k\u00f6nnen die Kosten f\u00fcr die Rehasportangebote \u201eMix Kids\u201c und \u201eRoll &amp; Rock Cracks\u201c \u00fcber die Krankenkasse abgerechnet werden (Vereinsbeitr\u00e4ge + Gruppenbeitr\u00e4ge).<\/p>\n<p style=\"color: #d4383a;\">Bitte beachte unsere <a href=\"\/index.php\/infos-fuer-teilnehmer\/\" target=\"_self\" rel=\"noopener\">Infos f\u00fcr Teilnehmer<\/a>.<\/p>\n<h2>Zeit<\/h2>\n<p>jeden zweiten Samstag 9:30 &#8211; 11:00 Uhr<\/p>\n<h2>Ort<\/h2>\n<p>Maria-Montessori-Schule<br \/>\nF\u00f6rderzentrum<br \/>\nStellbrinkstra\u00dfe 1<br \/>\n23566 L\u00fcbeck<\/p>\n<p>Die Sporthalle sowie Sanit\u00e4ranlagen sind barrierefrei.<\/p>\n<div><iframe loading=\"lazy\" src=\"https:\/\/www.google.com\/maps\/embed?pb=!1m18!1m12!1m3!1d2986.8595630591917!2d10.71792131620817!3d53.872979980092765!2m3!1f0!2f0!3f0!3m2!1i1024!2i768!4f13.1!3m3!1m2!1s0x47b20bd74a9a92fd%3A0x3a64d8de89591532!2sF%C3%B6rderzentrum+Schwerpunkt+Geistige+Entwicklung!5e1!3m2!1sde!2sde!4v1507663131798\" width=\"1024\" height=\"450\" frameborder=\"0\" style=\"border:0\" allowfullscreen><\/iframe><\/div>\n","protected":false},"excerpt":{"rendered":"<p>Sport und Spa\u00df f\u00fcr Kinder mit und ohne k\u00f6rperlicher und\/oder geistiger Behinderung im Alter von 6 &#8211; 14 Jahren. Die Gruppe ist psychomotorisch ausgelegt, das heisst unter anderem, dass haupts\u00e4chlich &#8230; <a class=\"read-more\" href=\"https:\/\/www.menschen-in-bewegung.de\/index.php\/sportangebote\/kinderturnen\/mix-kids\/\"><b>Weiterlesen<\/b><\/a><\/p>\n","protected":false},"author":7,"featured_media":0,"parent":118,"menu_order":1,"comment_status":"closed","ping_status":"closed","template":"","meta":{"footnotes":""},"class_list":["post-75","page","type-page","status-publish"],"yoast_head":"<!-- This site is optimized with the Yoast SEO plugin v26.8 - https:\/\/yoast.com\/product\/yoast-seo-wordpress\/ -->\n<title>Mix Kids - Menschen in Bewegung e.V.<\/title>\n<meta name=\"robots\" content=\"index, follow, max-snippet:-1, max-image-preview:large, max-video-preview:-1\" \/>\n<link rel=\"canonical\" href=\"https:\/\/www.menschen-in-bewegung.de\/index.php\/sportangebote\/kinderturnen\/mix-kids\/\" \/>\n<meta property=\"og:locale\" content=\"de_DE\" \/>\n<meta property=\"og:type\" content=\"article\" \/>\n<meta property=\"og:title\" content=\"Mix Kids - Menschen in Bewegung e.V.\" \/>\n<meta property=\"og:description\" content=\"Sport und Spa\u00df f\u00fcr Kinder mit und ohne k\u00f6rperlicher und\/oder geistiger Behinderung im Alter von 6 &#8211; 14 Jahren. Die Gruppe ist psychomotorisch ausgelegt, das heisst unter anderem, dass haupts\u00e4chlich ... Weiterlesen\" \/>\n<meta property=\"og:url\" content=\"https:\/\/www.menschen-in-bewegung.de\/index.php\/sportangebote\/kinderturnen\/mix-kids\/\" \/>\n<meta property=\"og:site_name\" content=\"Menschen in Bewegung e.V.\" \/>\n<meta property=\"article:modified_time\" content=\"2025-05-11T12:51:32+00:00\" \/>\n<meta property=\"og:image\" content=\"https:\/\/www.menschen-in-bewegung.de\/wp-content\/uploads\/2016\/01\/IMG_8987-150x150.jpg\" \/>\n<meta name=\"twitter:card\" content=\"summary_large_image\" \/>\n<meta name=\"twitter:label1\" content=\"Gesch\u00e4tzte Lesezeit\" \/>\n\t<meta name=\"twitter:data1\" content=\"2\u00a0Minuten\" \/>\n<script type=\"application\/ld+json\" class=\"yoast-schema-graph\">{\"@context\":\"https:\/\/schema.org\",\"@graph\":[{\"@type\":\"WebPage\",\"@id\":\"https:\/\/www.menschen-in-bewegung.de\/index.php\/sportangebote\/kinderturnen\/mix-kids\/\",\"url\":\"https:\/\/www.menschen-in-bewegung.de\/index.php\/sportangebote\/kinderturnen\/mix-kids\/\",\"name\":\"Mix Kids - Menschen in Bewegung e.V.\",\"isPartOf\":{\"@id\":\"https:\/\/www.menschen-in-bewegung.de\/#website\"},\"datePublished\":\"2015-09-17T20:46:21+00:00\",\"dateModified\":\"2025-05-11T12:51:32+00:00\",\"breadcrumb\":{\"@id\":\"https:\/\/www.menschen-in-bewegung.de\/index.php\/sportangebote\/kinderturnen\/mix-kids\/#breadcrumb\"},\"inLanguage\":\"de\",\"potentialAction\":[{\"@type\":\"ReadAction\",\"target\":[\"https:\/\/www.menschen-in-bewegung.de\/index.php\/sportangebote\/kinderturnen\/mix-kids\/\"]}]},{\"@type\":\"BreadcrumbList\",\"@id\":\"https:\/\/www.menschen-in-bewegung.de\/index.php\/sportangebote\/kinderturnen\/mix-kids\/#breadcrumb\",\"itemListElement\":[{\"@type\":\"ListItem\",\"position\":1,\"name\":\"Home\",\"item\":\"https:\/\/www.menschen-in-bewegung.de\/\"},{\"@type\":\"ListItem\",\"position\":2,\"name\":\"Sportangebote\",\"item\":\"https:\/\/www.menschen-in-bewegung.de\/index.php\/sportangebote\/\"},{\"@type\":\"ListItem\",\"position\":3,\"name\":\"Kinderturnen\",\"item\":\"https:\/\/www.menschen-in-bewegung.de\/index.php\/sportangebote\/kinderturnen\/\"},{\"@type\":\"ListItem\",\"position\":4,\"name\":\"Mix Kids\"}]},{\"@type\":\"WebSite\",\"@id\":\"https:\/\/www.menschen-in-bewegung.de\/#website\",\"url\":\"https:\/\/www.menschen-in-bewegung.de\/\",\"name\":\"Menschen in Bewegung e.V.\",\"description\":\"\",\"publisher\":{\"@id\":\"https:\/\/www.menschen-in-bewegung.de\/#organization\"},\"potentialAction\":[{\"@type\":\"SearchAction\",\"target\":{\"@type\":\"EntryPoint\",\"urlTemplate\":\"https:\/\/www.menschen-in-bewegung.de\/?s={search_term_string}\"},\"query-input\":{\"@type\":\"PropertyValueSpecification\",\"valueRequired\":true,\"valueName\":\"search_term_string\"}}],\"inLanguage\":\"de\"},{\"@type\":\"Organization\",\"@id\":\"https:\/\/www.menschen-in-bewegung.de\/#organization\",\"name\":\"Menschen in Bewegung e.V.\",\"url\":\"https:\/\/www.menschen-in-bewegung.de\/\",\"logo\":{\"@type\":\"ImageObject\",\"inLanguage\":\"de\",\"@id\":\"https:\/\/www.menschen-in-bewegung.de\/#\/schema\/logo\/image\/\",\"url\":\"https:\/\/www.menschen-in-bewegung.de\/wp-content\/uploads\/2015\/11\/logo_mebe_v2.png\",\"contentUrl\":\"https:\/\/www.menschen-in-bewegung.de\/wp-content\/uploads\/2015\/11\/logo_mebe_v2.png\",\"width\":500,\"height\":100,\"caption\":\"Menschen in Bewegung e.V.\"},\"image\":{\"@id\":\"https:\/\/www.menschen-in-bewegung.de\/#\/schema\/logo\/image\/\"}}]}<\/script>\n<!-- \/ Yoast SEO plugin. -->","yoast_head_json":{"title":"Mix Kids - Menschen in Bewegung e.V.","robots":{"index":"index","follow":"follow","max-snippet":"max-snippet:-1","max-image-preview":"max-image-preview:large","max-video-preview":"max-video-preview:-1"},"canonical":"https:\/\/www.menschen-in-bewegung.de\/index.php\/sportangebote\/kinderturnen\/mix-kids\/","og_locale":"de_DE","og_type":"article","og_title":"Mix Kids - Menschen in Bewegung e.V.","og_description":"Sport und Spa\u00df f\u00fcr Kinder mit und ohne k\u00f6rperlicher und\/oder geistiger Behinderung im Alter von 6 &#8211; 14 Jahren. Die Gruppe ist psychomotorisch ausgelegt, das heisst unter anderem, dass haupts\u00e4chlich ... Weiterlesen","og_url":"https:\/\/www.menschen-in-bewegung.de\/index.php\/sportangebote\/kinderturnen\/mix-kids\/","og_site_name":"Menschen in Bewegung e.V.","article_modified_time":"2025-05-11T12:51:32+00:00","og_image":[{"url":"https:\/\/www.menschen-in-bewegung.de\/wp-content\/uploads\/2016\/01\/IMG_8987-150x150.jpg","type":"","width":"","height":""}],"twitter_card":"summary_large_image","twitter_misc":{"Gesch\u00e4tzte Lesezeit":"2\u00a0Minuten"},"schema":{"@context":"https:\/\/schema.org","@graph":[{"@type":"WebPage","@id":"https:\/\/www.menschen-in-bewegung.de\/index.php\/sportangebote\/kinderturnen\/mix-kids\/","url":"https:\/\/www.menschen-in-bewegung.de\/index.php\/sportangebote\/kinderturnen\/mix-kids\/","name":"Mix Kids - Menschen in Bewegung e.V.","isPartOf":{"@id":"https:\/\/www.menschen-in-bewegung.de\/#website"},"datePublished":"2015-09-17T20:46:21+00:00","dateModified":"2025-05-11T12:51:32+00:00","breadcrumb":{"@id":"https:\/\/www.menschen-in-bewegung.de\/index.php\/sportangebote\/kinderturnen\/mix-kids\/#breadcrumb"},"inLanguage":"de","potentialAction":[{"@type":"ReadAction","target":["https:\/\/www.menschen-in-bewegung.de\/index.php\/sportangebote\/kinderturnen\/mix-kids\/"]}]},{"@type":"BreadcrumbList","@id":"https:\/\/www.menschen-in-bewegung.de\/index.php\/sportangebote\/kinderturnen\/mix-kids\/#breadcrumb","itemListElement":[{"@type":"ListItem","position":1,"name":"Home","item":"https:\/\/www.menschen-in-bewegung.de\/"},{"@type":"ListItem","position":2,"name":"Sportangebote","item":"https:\/\/www.menschen-in-bewegung.de\/index.php\/sportangebote\/"},{"@type":"ListItem","position":3,"name":"Kinderturnen","item":"https:\/\/www.menschen-in-bewegung.de\/index.php\/sportangebote\/kinderturnen\/"},{"@type":"ListItem","position":4,"name":"Mix Kids"}]},{"@type":"WebSite","@id":"https:\/\/www.menschen-in-bewegung.de\/#website","url":"https:\/\/www.menschen-in-bewegung.de\/","name":"Menschen in Bewegung e.V.","description":"","publisher":{"@id":"https:\/\/www.menschen-in-bewegung.de\/#organization"},"potentialAction":[{"@type":"SearchAction","target":{"@type":"EntryPoint","urlTemplate":"https:\/\/www.menschen-in-bewegung.de\/?s={search_term_string}"},"query-input":{"@type":"PropertyValueSpecification","valueRequired":true,"valueName":"search_term_string"}}],"inLanguage":"de"},{"@type":"Organization","@id":"https:\/\/www.menschen-in-bewegung.de\/#organization","name":"Menschen in Bewegung e.V.","url":"https:\/\/www.menschen-in-bewegung.de\/","logo":{"@type":"ImageObject","inLanguage":"de","@id":"https:\/\/www.menschen-in-bewegung.de\/#\/schema\/logo\/image\/","url":"https:\/\/www.menschen-in-bewegung.de\/wp-content\/uploads\/2015\/11\/logo_mebe_v2.png","contentUrl":"https:\/\/www.menschen-in-bewegung.de\/wp-content\/uploads\/2015\/11\/logo_mebe_v2.png","width":500,"height":100,"caption":"Menschen in Bewegung e.V."},"image":{"@id":"https:\/\/www.menschen-in-bewegung.de\/#\/schema\/logo\/image\/"}}]}},"_links":{"self":[{"href":"https:\/\/www.menschen-in-bewegung.de\/index.php\/wp-json\/wp\/v2\/pages\/75","targetHints":{"allow":["GET"]}}],"collection":[{"href":"https:\/\/www.menschen-in-bewegung.de\/index.php\/wp-json\/wp\/v2\/pages"}],"about":[{"href":"https:\/\/www.menschen-in-bewegung.de\/index.php\/wp-json\/wp\/v2\/types\/page"}],"author":[{"embeddable":true,"href":"https:\/\/www.menschen-in-bewegung.de\/index.php\/wp-json\/wp\/v2\/users\/7"}],"replies":[{"embeddable":true,"href":"https:\/\/www.menschen-in-bewegung.de\/index.php\/wp-json\/wp\/v2\/comments?post=75"}],"version-history":[{"count":117,"href":"https:\/\/www.menschen-in-bewegung.de\/index.php\/wp-json\/wp\/v2\/pages\/75\/revisions"}],"predecessor-version":[{"id":1280,"href":"https:\/\/www.menschen-in-bewegung.de\/index.php\/wp-json\/wp\/v2\/pages\/75\/revisions\/1280"}],"up":[{"embeddable":true,"href":"https:\/\/www.menschen-in-bewegung.de\/index.php\/wp-json\/wp\/v2\/pages\/118"}],"wp:attachment":[{"href":"https:\/\/www.menschen-in-bewegung.de\/index.php\/wp-json\/wp\/v2\/media?parent=75"}],"curies":[{"name":"wp","href":"https:\/\/api.w.org\/{rel}","templated":true}]}}