{"id":88,"date":"2015-09-20T16:26:14","date_gmt":"2015-09-20T14:26:14","guid":{"rendered":"http:\/\/www.menschen-in-bewegung.de\/?page_id=88"},"modified":"2016-01-30T20:48:23","modified_gmt":"2016-01-30T19:48:23","slug":"philosophie","status":"publish","type":"page","link":"https:\/\/www.menschen-in-bewegung.de\/index.php\/unser-verein\/philosophie\/","title":{"rendered":"Philosophie"},"content":{"rendered":"<p><a href=\"\/wp-content\/uploads\/2015\/11\/hockey.jpg\"><img loading=\"lazy\" decoding=\"async\" class=\"size-medium wp-image-225 alignright\" src=\"\/wp-content\/uploads\/2015\/11\/hockey-300x219.jpg\" alt=\"hockey\" width=\"300\" height=\"219\" srcset=\"https:\/\/www.menschen-in-bewegung.de\/wp-content\/uploads\/2015\/11\/hockey-300x219.jpg 300w, https:\/\/www.menschen-in-bewegung.de\/wp-content\/uploads\/2015\/11\/hockey.jpg 800w\" sizes=\"auto, (max-width: 300px) 100vw, 300px\" \/><\/a>Wir erleben jeden Tag, dass Kinder gern in Bewegung sind. Dass Kinder gerade in Bewegung lernen, scheint oft au\u00dfer Acht gelassen zu werden. Dabei gibt es aus unterschiedlichen wissenschaftlichen, p\u00e4dagogischen und alltagsorientierten Sichtweisen vielf\u00e4ltige Hinweise f\u00fcr den engen Zusammenhang zwischen kindlichem Lernen und Bewegungsaktivit\u00e4t.<\/p>\n<p>Durch die neuesten Forschungsergebnisse wird deutlich, dass Bewegung und Spiel die beste schulische Vorbereitung sind, auch im Schulalter unverzichtbare Lernquellen bleiben.<\/p>\n<p>Wir m\u00f6chten, dass Kinder sich schon fr\u00fch daran gew\u00f6hnen, wie sch\u00f6n Sport ist. Wie viel Spa\u00df und wie viel Gl\u00fcck sie beim Sport erleben k\u00f6nnen.<\/p>\n<p><a href=\"\/wp-content\/uploads\/2015\/11\/fechten.jpg\"><img loading=\"lazy\" decoding=\"async\" class=\"size-medium wp-image-224 alignleft\" src=\"\/wp-content\/uploads\/2015\/11\/fechten-300x200.jpg\" alt=\"fechten\" width=\"300\" height=\"200\" srcset=\"https:\/\/www.menschen-in-bewegung.de\/wp-content\/uploads\/2015\/11\/fechten-300x200.jpg 300w, https:\/\/www.menschen-in-bewegung.de\/wp-content\/uploads\/2015\/11\/fechten.jpg 800w\" sizes=\"auto, (max-width: 300px) 100vw, 300px\" \/><\/a>Wer als Kind erf\u00e4hrt, dass es m\u00f6glich ist, im Sport Grenzen zu sprengen, der wird auch von Niederlagen nicht aus der Bahn geworfen.<\/p>\n<p>&#8222;Ich kann das nicht&#8220; wird ersetzt durch &#8222;Wenn ich \u00fcbe, kann ich das!&#8220;<\/p>\n<p>Diese mentale St\u00e4rke zeichnet erfolgreiche Menschen aus.<br \/>\n<br style=\"clear:both;\" \/><\/p>\n<h2>Gr\u00fcndung<\/h2>\n<p><a href=\"\/wp-content\/uploads\/2015\/11\/mixkids.jpg\"><img loading=\"lazy\" decoding=\"async\" class=\"size-medium wp-image-226 alignright\" src=\"\/wp-content\/uploads\/2015\/11\/mixkids-300x200.jpg\" alt=\"mixkids\" width=\"300\" height=\"200\" srcset=\"https:\/\/www.menschen-in-bewegung.de\/wp-content\/uploads\/2015\/11\/mixkids-300x200.jpg 300w, https:\/\/www.menschen-in-bewegung.de\/wp-content\/uploads\/2015\/11\/mixkids.jpg 800w\" sizes=\"auto, (max-width: 300px) 100vw, 300px\" \/><\/a>Vor der Gr\u00fcndung des Vereines stand eine tiefe Unzufriedenheit \u00fcber die Angebote traditioneller Sportvereine im Bereich Kinderturnen. Vorhandene Ressourcen flie\u00dfen in popul\u00e4re Sportarten wie Fu\u00dfball, wohingegen eine breite Basis an Alternativen vernachl\u00e4ssigt wird. Die Erfahrung: Kinder mit Handicaps oder speziellen Bed\u00fcrfnissen sitzen auf Ersatzb\u00e4nken oder werden in zu vollen Hallen vernachl\u00e4ssigt und frustrierte Eltern \u00e4rgern sich \u00fcber fehlende Betreuung.<\/p>\n<h3>Da entstand die Idee:<\/h3>\n<p>Ein alternatives Sportangebot schaffen, dass diese Missst\u00e4nde angeht und mit p\u00e4dagogisch-ausgebildeten Trainern die St\u00e4rken der Menschen mit Spa\u00df und Freude f\u00f6rdert.<\/p>\n<h3>Die Grunds\u00e4tze sind<\/h3>\n<p><a href=\"\/wp-content\/uploads\/2015\/11\/wheelskating.jpg\"><img loading=\"lazy\" decoding=\"async\" class=\"size-medium wp-image-228 alignright\" src=\"\/wp-content\/uploads\/2015\/11\/wheelskating-300x233.jpg\" alt=\"wheelskating\" width=\"300\" height=\"233\" srcset=\"https:\/\/www.menschen-in-bewegung.de\/wp-content\/uploads\/2015\/11\/wheelskating-300x233.jpg 300w, https:\/\/www.menschen-in-bewegung.de\/wp-content\/uploads\/2015\/11\/wheelskating.jpg 800w\" sizes=\"auto, (max-width: 300px) 100vw, 300px\" \/><\/a><\/p>\n<ul>\n<li>jedes Kind \/ Jugendlicher \/ Erwachsener hat ein Recht auf Bewegung und der Freude daran<\/li>\n<li>F\u00f6rderung abgestimmt auf die pers\u00f6nlichen St\u00e4rken und Ressourcen<\/li>\n<li>jedes Kind hat mindestens einmal pro Woche das Recht auf Bewegung im organsierten Rahmen (75 Minuten und mehr)<\/li>\n<li>bis zu 44 Wochen im Jahr<\/li>\n<li>Indoor- und Outdoor-Sport<\/li>\n<li>in Gruppen mit maximaler Teilnehmerzahl<\/li>\n<li class=\"underline\">geleitet von sportp\u00e4dagogisch ausgebildeten und auf <a href=\"\/index.php\/ehrenkodex\/\"><b>Ehrenkodex<\/b><\/a> gepr\u00fcften Erwachsenen<\/li>\n<li>unabh\u00e4ngig davon, ob ein Handicap oder Originalit\u00e4t vorliegt<\/li>\n<li>sowie unabh\u00e4ngig von Geschlecht, Herkunft oder Religion<\/li>\n<\/ul>\n<p>Ausgehend von diesen Grunds\u00e4tzen wurde die Satzung erstellt und der Verein im Sommer 2001 gegr\u00fcndet.<\/p>\n","protected":false},"excerpt":{"rendered":"<p>Wir erleben jeden Tag, dass Kinder gern in Bewegung sind. Dass Kinder gerade in Bewegung lernen, scheint oft au\u00dfer Acht gelassen zu werden. Dabei gibt es aus unterschiedlichen wissenschaftlichen, p\u00e4dagogischen &#8230; <a class=\"read-more\" href=\"https:\/\/www.menschen-in-bewegung.de\/index.php\/unser-verein\/philosophie\/\"><b>Weiterlesen<\/b><\/a><\/p>\n","protected":false},"author":7,"featured_media":0,"parent":20,"menu_order":1,"comment_status":"closed","ping_status":"closed","template":"","meta":{"footnotes":""},"class_list":["post-88","page","type-page","status-publish"],"yoast_head":"<!-- This site is optimized with the Yoast SEO plugin v26.8 - https:\/\/yoast.com\/product\/yoast-seo-wordpress\/ -->\n<title>Philosophie - Menschen in Bewegung e.V.<\/title>\n<meta name=\"robots\" content=\"index, follow, max-snippet:-1, max-image-preview:large, max-video-preview:-1\" \/>\n<link rel=\"canonical\" href=\"https:\/\/www.menschen-in-bewegung.de\/index.php\/unser-verein\/philosophie\/\" \/>\n<meta property=\"og:locale\" content=\"de_DE\" \/>\n<meta property=\"og:type\" content=\"article\" \/>\n<meta property=\"og:title\" content=\"Philosophie - Menschen in Bewegung e.V.\" \/>\n<meta property=\"og:description\" content=\"Wir erleben jeden Tag, dass Kinder gern in Bewegung sind. Dass Kinder gerade in Bewegung lernen, scheint oft au\u00dfer Acht gelassen zu werden. Dabei gibt es aus unterschiedlichen wissenschaftlichen, p\u00e4dagogischen ... Weiterlesen\" \/>\n<meta property=\"og:url\" content=\"https:\/\/www.menschen-in-bewegung.de\/index.php\/unser-verein\/philosophie\/\" \/>\n<meta property=\"og:site_name\" content=\"Menschen in Bewegung e.V.\" \/>\n<meta property=\"article:modified_time\" content=\"2016-01-30T19:48:23+00:00\" \/>\n<meta name=\"twitter:card\" content=\"summary_large_image\" \/>\n<meta name=\"twitter:label1\" content=\"Gesch\u00e4tzte Lesezeit\" \/>\n\t<meta name=\"twitter:data1\" content=\"2\u00a0Minuten\" \/>\n<script type=\"application\/ld+json\" class=\"yoast-schema-graph\">{\"@context\":\"https:\/\/schema.org\",\"@graph\":[{\"@type\":\"WebPage\",\"@id\":\"https:\/\/www.menschen-in-bewegung.de\/index.php\/unser-verein\/philosophie\/\",\"url\":\"https:\/\/www.menschen-in-bewegung.de\/index.php\/unser-verein\/philosophie\/\",\"name\":\"Philosophie - Menschen in Bewegung e.V.\",\"isPartOf\":{\"@id\":\"https:\/\/www.menschen-in-bewegung.de\/#website\"},\"datePublished\":\"2015-09-20T14:26:14+00:00\",\"dateModified\":\"2016-01-30T19:48:23+00:00\",\"breadcrumb\":{\"@id\":\"https:\/\/www.menschen-in-bewegung.de\/index.php\/unser-verein\/philosophie\/#breadcrumb\"},\"inLanguage\":\"de\",\"potentialAction\":[{\"@type\":\"ReadAction\",\"target\":[\"https:\/\/www.menschen-in-bewegung.de\/index.php\/unser-verein\/philosophie\/\"]}]},{\"@type\":\"BreadcrumbList\",\"@id\":\"https:\/\/www.menschen-in-bewegung.de\/index.php\/unser-verein\/philosophie\/#breadcrumb\",\"itemListElement\":[{\"@type\":\"ListItem\",\"position\":1,\"name\":\"Home\",\"item\":\"https:\/\/www.menschen-in-bewegung.de\/\"},{\"@type\":\"ListItem\",\"position\":2,\"name\":\"Unser Verein\",\"item\":\"https:\/\/www.menschen-in-bewegung.de\/index.php\/unser-verein\/\"},{\"@type\":\"ListItem\",\"position\":3,\"name\":\"Philosophie\"}]},{\"@type\":\"WebSite\",\"@id\":\"https:\/\/www.menschen-in-bewegung.de\/#website\",\"url\":\"https:\/\/www.menschen-in-bewegung.de\/\",\"name\":\"Menschen in Bewegung e.V.\",\"description\":\"\",\"publisher\":{\"@id\":\"https:\/\/www.menschen-in-bewegung.de\/#organization\"},\"potentialAction\":[{\"@type\":\"SearchAction\",\"target\":{\"@type\":\"EntryPoint\",\"urlTemplate\":\"https:\/\/www.menschen-in-bewegung.de\/?s={search_term_string}\"},\"query-input\":{\"@type\":\"PropertyValueSpecification\",\"valueRequired\":true,\"valueName\":\"search_term_string\"}}],\"inLanguage\":\"de\"},{\"@type\":\"Organization\",\"@id\":\"https:\/\/www.menschen-in-bewegung.de\/#organization\",\"name\":\"Menschen in Bewegung e.V.\",\"url\":\"https:\/\/www.menschen-in-bewegung.de\/\",\"logo\":{\"@type\":\"ImageObject\",\"inLanguage\":\"de\",\"@id\":\"https:\/\/www.menschen-in-bewegung.de\/#\/schema\/logo\/image\/\",\"url\":\"https:\/\/www.menschen-in-bewegung.de\/wp-content\/uploads\/2015\/11\/logo_mebe_v2.png\",\"contentUrl\":\"https:\/\/www.menschen-in-bewegung.de\/wp-content\/uploads\/2015\/11\/logo_mebe_v2.png\",\"width\":500,\"height\":100,\"caption\":\"Menschen in Bewegung e.V.\"},\"image\":{\"@id\":\"https:\/\/www.menschen-in-bewegung.de\/#\/schema\/logo\/image\/\"}}]}<\/script>\n<!-- \/ Yoast SEO plugin. -->","yoast_head_json":{"title":"Philosophie - Menschen in Bewegung e.V.","robots":{"index":"index","follow":"follow","max-snippet":"max-snippet:-1","max-image-preview":"max-image-preview:large","max-video-preview":"max-video-preview:-1"},"canonical":"https:\/\/www.menschen-in-bewegung.de\/index.php\/unser-verein\/philosophie\/","og_locale":"de_DE","og_type":"article","og_title":"Philosophie - Menschen in Bewegung e.V.","og_description":"Wir erleben jeden Tag, dass Kinder gern in Bewegung sind. Dass Kinder gerade in Bewegung lernen, scheint oft au\u00dfer Acht gelassen zu werden. Dabei gibt es aus unterschiedlichen wissenschaftlichen, p\u00e4dagogischen ... Weiterlesen","og_url":"https:\/\/www.menschen-in-bewegung.de\/index.php\/unser-verein\/philosophie\/","og_site_name":"Menschen in Bewegung e.V.","article_modified_time":"2016-01-30T19:48:23+00:00","twitter_card":"summary_large_image","twitter_misc":{"Gesch\u00e4tzte Lesezeit":"2\u00a0Minuten"},"schema":{"@context":"https:\/\/schema.org","@graph":[{"@type":"WebPage","@id":"https:\/\/www.menschen-in-bewegung.de\/index.php\/unser-verein\/philosophie\/","url":"https:\/\/www.menschen-in-bewegung.de\/index.php\/unser-verein\/philosophie\/","name":"Philosophie - Menschen in Bewegung e.V.","isPartOf":{"@id":"https:\/\/www.menschen-in-bewegung.de\/#website"},"datePublished":"2015-09-20T14:26:14+00:00","dateModified":"2016-01-30T19:48:23+00:00","breadcrumb":{"@id":"https:\/\/www.menschen-in-bewegung.de\/index.php\/unser-verein\/philosophie\/#breadcrumb"},"inLanguage":"de","potentialAction":[{"@type":"ReadAction","target":["https:\/\/www.menschen-in-bewegung.de\/index.php\/unser-verein\/philosophie\/"]}]},{"@type":"BreadcrumbList","@id":"https:\/\/www.menschen-in-bewegung.de\/index.php\/unser-verein\/philosophie\/#breadcrumb","itemListElement":[{"@type":"ListItem","position":1,"name":"Home","item":"https:\/\/www.menschen-in-bewegung.de\/"},{"@type":"ListItem","position":2,"name":"Unser Verein","item":"https:\/\/www.menschen-in-bewegung.de\/index.php\/unser-verein\/"},{"@type":"ListItem","position":3,"name":"Philosophie"}]},{"@type":"WebSite","@id":"https:\/\/www.menschen-in-bewegung.de\/#website","url":"https:\/\/www.menschen-in-bewegung.de\/","name":"Menschen in Bewegung e.V.","description":"","publisher":{"@id":"https:\/\/www.menschen-in-bewegung.de\/#organization"},"potentialAction":[{"@type":"SearchAction","target":{"@type":"EntryPoint","urlTemplate":"https:\/\/www.menschen-in-bewegung.de\/?s={search_term_string}"},"query-input":{"@type":"PropertyValueSpecification","valueRequired":true,"valueName":"search_term_string"}}],"inLanguage":"de"},{"@type":"Organization","@id":"https:\/\/www.menschen-in-bewegung.de\/#organization","name":"Menschen in Bewegung e.V.","url":"https:\/\/www.menschen-in-bewegung.de\/","logo":{"@type":"ImageObject","inLanguage":"de","@id":"https:\/\/www.menschen-in-bewegung.de\/#\/schema\/logo\/image\/","url":"https:\/\/www.menschen-in-bewegung.de\/wp-content\/uploads\/2015\/11\/logo_mebe_v2.png","contentUrl":"https:\/\/www.menschen-in-bewegung.de\/wp-content\/uploads\/2015\/11\/logo_mebe_v2.png","width":500,"height":100,"caption":"Menschen in Bewegung e.V."},"image":{"@id":"https:\/\/www.menschen-in-bewegung.de\/#\/schema\/logo\/image\/"}}]}},"_links":{"self":[{"href":"https:\/\/www.menschen-in-bewegung.de\/index.php\/wp-json\/wp\/v2\/pages\/88","targetHints":{"allow":["GET"]}}],"collection":[{"href":"https:\/\/www.menschen-in-bewegung.de\/index.php\/wp-json\/wp\/v2\/pages"}],"about":[{"href":"https:\/\/www.menschen-in-bewegung.de\/index.php\/wp-json\/wp\/v2\/types\/page"}],"author":[{"embeddable":true,"href":"https:\/\/www.menschen-in-bewegung.de\/index.php\/wp-json\/wp\/v2\/users\/7"}],"replies":[{"embeddable":true,"href":"https:\/\/www.menschen-in-bewegung.de\/index.php\/wp-json\/wp\/v2\/comments?post=88"}],"version-history":[{"count":23,"href":"https:\/\/www.menschen-in-bewegung.de\/index.php\/wp-json\/wp\/v2\/pages\/88\/revisions"}],"predecessor-version":[{"id":658,"href":"https:\/\/www.menschen-in-bewegung.de\/index.php\/wp-json\/wp\/v2\/pages\/88\/revisions\/658"}],"up":[{"embeddable":true,"href":"https:\/\/www.menschen-in-bewegung.de\/index.php\/wp-json\/wp\/v2\/pages\/20"}],"wp:attachment":[{"href":"https:\/\/www.menschen-in-bewegung.de\/index.php\/wp-json\/wp\/v2\/media?parent=88"}],"curies":[{"name":"wp","href":"https:\/\/api.w.org\/{rel}","templated":true}]}}