{"id":98,"date":"2015-09-20T16:44:28","date_gmt":"2015-09-20T14:44:28","guid":{"rendered":"http:\/\/www.menschen-in-bewegung.de\/?page_id=98"},"modified":"2025-05-11T14:17:46","modified_gmt":"2025-05-11T12:17:46","slug":"roll-rock-cracks","status":"publish","type":"page","link":"https:\/\/www.menschen-in-bewegung.de\/index.php\/sportangebote\/rollstuhlsport\/roll-rock-cracks\/","title":{"rendered":"Roll &#038; Rock Cracks"},"content":{"rendered":"<p>Rollstuhlsport ab 14 Jahre<\/p>\n<p>Diese Gruppe ist f\u00fcr Rollstuhlfahrer und Fu\u00dfg\u00e4nger. Die Gruppe wird von einem \u00dcbungsleiter geleitet und von mindestens einem Assistenten unterst\u00fctzt.<\/p>\n<p>Wir probieren verschiedene Sportarten aus und machen alles, was den Teilnehmern Spa\u00df macht, z. Bsp. Wheel Soccer, Rollstuhltraining, Mobilit\u00e4tstraining und vieles mehr.<\/p>\n<h2>Ablauf<\/h2>\n<p>Nach einer gemeinsamen Begr\u00fc\u00dfung beginnen wir mit \u00dcbungen zum Dehnen und Beugen der Muskulatur und des Bewegungsapparates. Hier k\u00f6nnen die Grundfertigkeiten wie Anfahren, Bremsen, Drehen, Kippeln ge\u00fcbt werden. Erg\u00e4nzt wird das Ganze durch kleine Aufw\u00e4rmspielchen, um den Rollstuhl besser kennen zu lernen. Es gilt, jeder entscheidet selber, was er\/sie ausprobieren m\u00f6chte, je nach Interesse und k\u00f6rperlicher Einschr\u00e4nkung. Wir probieren alles aus, was Spa\u00df macht. Eine Abschiedsrunde beschlie\u00dft die Sporteinheit.<\/p>\n<h2>\u00dcbungsleitung<\/h2>\n<p>Mathias Kaiser<br \/>\nRomy Pawellek<br \/>\nBeata Hinz<br \/>\nNatalie Heller<\/p>\n<p><a href=\"\/index.php\/unser-team\/\" target=\"_self\" rel=\"noopener\">&#8230;mehr Infos zum Team<\/a><\/p>\n<h2>Mitgliedschaft<\/h2>\n<p>Wir laden jeden herzlich ein unsere Sportangebote unverbindlich auszuprobieren.<\/p>\n<p>F\u00fcr Mitglieder erheben wir einen monatlichen Vereinsbeitrag in H\u00f6he von 12,00 Euro, f\u00fcr Geschwisterkinder 8,00 Euro. Das erweiterte organisatorische und betreuerische Angebot der Mix-Kids-Gruppe erfordert einen zus\u00e4tzlichen Gruppenbeitrag in H\u00f6he von 8,00 Euro.<\/p>\n<p><b>Rehasportverordnung<\/b><br \/>Durch die Vorlage einer Rehasportverordnung k\u00f6nnen die Kosten f\u00fcr die Rehasportangebote \u201eMix Kids\u201c und \u201eRoll &#038; Rock Cracks\u201c \u00fcber die Krankenkasse abgerechnet werden (Vereinsbeitr\u00e4ge + Gruppenbeitr\u00e4ge).<\/p>\n<p style=\"color:#d4383a\">Bitte beachte unsere <a href=\"\/index.php\/infos-fuer-teilnehmer\/\" target=\"_self\" rel=\"noopener\">Infos f\u00fcr Teilnehmer<\/a>.<\/p>\n<h2>Zeit<\/h2>\n<p>jeden Dienstag, 18.30 &#8211; 20.00 Uhr<\/p>\n<h2>Ort<\/h2>\n<p>Sporthalle der Thomas-Mann Schule<br \/>\nThomas-Mann Strasse 14<br \/>\n23564 L\u00fcbeck<\/p>\n<div>\n<p>Hinweis: die Halle befindet sich auf dieser Karte rechts oberhalb vom roten Pin direkt an der Thomas-Mann Stra\u00dfe<\/p>\n<p><iframe loading=\"lazy\" src=\"https:\/\/www.google.com\/maps\/embed?pb=!1m18!1m12!1m3!1d772.8581678910922!2d10.713919661699892!3d53.86126446027848!2m3!1f0!2f0!3f0!3m2!1i1024!2i768!4f13.1!3m3!1m2!1s0x47b20964d1756cc1%3A0xcb069d051ef06108!2sThomas-Mann-Stra%C3%9Fe+14%2C+23564+L%C3%BCbeck!5e1!3m2!1sde!2sde!4v1458170542812\" width=\"707\" height=\"450\" frameborder=\"0\" style=\"border:0\" allowfullscreen><\/iframe>\n<\/div>\n","protected":false},"excerpt":{"rendered":"<p>Rollstuhlsport ab 14 Jahre Diese Gruppe ist f\u00fcr Rollstuhlfahrer und Fu\u00dfg\u00e4nger. Die Gruppe wird von einem \u00dcbungsleiter geleitet und von mindestens einem Assistenten unterst\u00fctzt. Wir probieren verschiedene Sportarten aus und &#8230; <a class=\"read-more\" href=\"https:\/\/www.menschen-in-bewegung.de\/index.php\/sportangebote\/rollstuhlsport\/roll-rock-cracks\/\"><b>Weiterlesen<\/b><\/a><\/p>\n","protected":false},"author":7,"featured_media":0,"parent":114,"menu_order":1,"comment_status":"closed","ping_status":"closed","template":"","meta":{"footnotes":""},"class_list":["post-98","page","type-page","status-publish"],"yoast_head":"<!-- This site is optimized with the Yoast SEO plugin v26.8 - https:\/\/yoast.com\/product\/yoast-seo-wordpress\/ -->\n<title>Roll &amp; Rock Cracks - Menschen in Bewegung e.V.<\/title>\n<meta name=\"robots\" content=\"index, follow, max-snippet:-1, max-image-preview:large, max-video-preview:-1\" \/>\n<link rel=\"canonical\" href=\"https:\/\/www.menschen-in-bewegung.de\/index.php\/sportangebote\/rollstuhlsport\/roll-rock-cracks\/\" \/>\n<meta property=\"og:locale\" content=\"de_DE\" \/>\n<meta property=\"og:type\" content=\"article\" \/>\n<meta property=\"og:title\" content=\"Roll &amp; Rock Cracks - Menschen in Bewegung e.V.\" \/>\n<meta property=\"og:description\" content=\"Rollstuhlsport ab 14 Jahre Diese Gruppe ist f\u00fcr Rollstuhlfahrer und Fu\u00dfg\u00e4nger. Die Gruppe wird von einem \u00dcbungsleiter geleitet und von mindestens einem Assistenten unterst\u00fctzt. Wir probieren verschiedene Sportarten aus und ... Weiterlesen\" \/>\n<meta property=\"og:url\" content=\"https:\/\/www.menschen-in-bewegung.de\/index.php\/sportangebote\/rollstuhlsport\/roll-rock-cracks\/\" \/>\n<meta property=\"og:site_name\" content=\"Menschen in Bewegung e.V.\" \/>\n<meta property=\"article:modified_time\" content=\"2025-05-11T12:17:46+00:00\" \/>\n<meta name=\"twitter:card\" content=\"summary_large_image\" \/>\n<meta name=\"twitter:label1\" content=\"Gesch\u00e4tzte Lesezeit\" \/>\n\t<meta name=\"twitter:data1\" content=\"2\u00a0Minuten\" \/>\n<script type=\"application\/ld+json\" class=\"yoast-schema-graph\">{\"@context\":\"https:\/\/schema.org\",\"@graph\":[{\"@type\":\"WebPage\",\"@id\":\"https:\/\/www.menschen-in-bewegung.de\/index.php\/sportangebote\/rollstuhlsport\/roll-rock-cracks\/\",\"url\":\"https:\/\/www.menschen-in-bewegung.de\/index.php\/sportangebote\/rollstuhlsport\/roll-rock-cracks\/\",\"name\":\"Roll & Rock Cracks - Menschen in Bewegung e.V.\",\"isPartOf\":{\"@id\":\"https:\/\/www.menschen-in-bewegung.de\/#website\"},\"datePublished\":\"2015-09-20T14:44:28+00:00\",\"dateModified\":\"2025-05-11T12:17:46+00:00\",\"breadcrumb\":{\"@id\":\"https:\/\/www.menschen-in-bewegung.de\/index.php\/sportangebote\/rollstuhlsport\/roll-rock-cracks\/#breadcrumb\"},\"inLanguage\":\"de\",\"potentialAction\":[{\"@type\":\"ReadAction\",\"target\":[\"https:\/\/www.menschen-in-bewegung.de\/index.php\/sportangebote\/rollstuhlsport\/roll-rock-cracks\/\"]}]},{\"@type\":\"BreadcrumbList\",\"@id\":\"https:\/\/www.menschen-in-bewegung.de\/index.php\/sportangebote\/rollstuhlsport\/roll-rock-cracks\/#breadcrumb\",\"itemListElement\":[{\"@type\":\"ListItem\",\"position\":1,\"name\":\"Home\",\"item\":\"https:\/\/www.menschen-in-bewegung.de\/\"},{\"@type\":\"ListItem\",\"position\":2,\"name\":\"Sportangebote\",\"item\":\"https:\/\/www.menschen-in-bewegung.de\/index.php\/sportangebote\/\"},{\"@type\":\"ListItem\",\"position\":3,\"name\":\"Rollstuhlsport\",\"item\":\"https:\/\/www.menschen-in-bewegung.de\/index.php\/sportangebote\/rollstuhlsport\/\"},{\"@type\":\"ListItem\",\"position\":4,\"name\":\"Roll &#038; Rock Cracks\"}]},{\"@type\":\"WebSite\",\"@id\":\"https:\/\/www.menschen-in-bewegung.de\/#website\",\"url\":\"https:\/\/www.menschen-in-bewegung.de\/\",\"name\":\"Menschen in Bewegung e.V.\",\"description\":\"\",\"publisher\":{\"@id\":\"https:\/\/www.menschen-in-bewegung.de\/#organization\"},\"potentialAction\":[{\"@type\":\"SearchAction\",\"target\":{\"@type\":\"EntryPoint\",\"urlTemplate\":\"https:\/\/www.menschen-in-bewegung.de\/?s={search_term_string}\"},\"query-input\":{\"@type\":\"PropertyValueSpecification\",\"valueRequired\":true,\"valueName\":\"search_term_string\"}}],\"inLanguage\":\"de\"},{\"@type\":\"Organization\",\"@id\":\"https:\/\/www.menschen-in-bewegung.de\/#organization\",\"name\":\"Menschen in Bewegung e.V.\",\"url\":\"https:\/\/www.menschen-in-bewegung.de\/\",\"logo\":{\"@type\":\"ImageObject\",\"inLanguage\":\"de\",\"@id\":\"https:\/\/www.menschen-in-bewegung.de\/#\/schema\/logo\/image\/\",\"url\":\"https:\/\/www.menschen-in-bewegung.de\/wp-content\/uploads\/2015\/11\/logo_mebe_v2.png\",\"contentUrl\":\"https:\/\/www.menschen-in-bewegung.de\/wp-content\/uploads\/2015\/11\/logo_mebe_v2.png\",\"width\":500,\"height\":100,\"caption\":\"Menschen in Bewegung e.V.\"},\"image\":{\"@id\":\"https:\/\/www.menschen-in-bewegung.de\/#\/schema\/logo\/image\/\"}}]}<\/script>\n<!-- \/ Yoast SEO plugin. -->","yoast_head_json":{"title":"Roll & Rock Cracks - Menschen in Bewegung e.V.","robots":{"index":"index","follow":"follow","max-snippet":"max-snippet:-1","max-image-preview":"max-image-preview:large","max-video-preview":"max-video-preview:-1"},"canonical":"https:\/\/www.menschen-in-bewegung.de\/index.php\/sportangebote\/rollstuhlsport\/roll-rock-cracks\/","og_locale":"de_DE","og_type":"article","og_title":"Roll & Rock Cracks - Menschen in Bewegung e.V.","og_description":"Rollstuhlsport ab 14 Jahre Diese Gruppe ist f\u00fcr Rollstuhlfahrer und Fu\u00dfg\u00e4nger. Die Gruppe wird von einem \u00dcbungsleiter geleitet und von mindestens einem Assistenten unterst\u00fctzt. Wir probieren verschiedene Sportarten aus und ... Weiterlesen","og_url":"https:\/\/www.menschen-in-bewegung.de\/index.php\/sportangebote\/rollstuhlsport\/roll-rock-cracks\/","og_site_name":"Menschen in Bewegung e.V.","article_modified_time":"2025-05-11T12:17:46+00:00","twitter_card":"summary_large_image","twitter_misc":{"Gesch\u00e4tzte Lesezeit":"2\u00a0Minuten"},"schema":{"@context":"https:\/\/schema.org","@graph":[{"@type":"WebPage","@id":"https:\/\/www.menschen-in-bewegung.de\/index.php\/sportangebote\/rollstuhlsport\/roll-rock-cracks\/","url":"https:\/\/www.menschen-in-bewegung.de\/index.php\/sportangebote\/rollstuhlsport\/roll-rock-cracks\/","name":"Roll & Rock Cracks - Menschen in Bewegung e.V.","isPartOf":{"@id":"https:\/\/www.menschen-in-bewegung.de\/#website"},"datePublished":"2015-09-20T14:44:28+00:00","dateModified":"2025-05-11T12:17:46+00:00","breadcrumb":{"@id":"https:\/\/www.menschen-in-bewegung.de\/index.php\/sportangebote\/rollstuhlsport\/roll-rock-cracks\/#breadcrumb"},"inLanguage":"de","potentialAction":[{"@type":"ReadAction","target":["https:\/\/www.menschen-in-bewegung.de\/index.php\/sportangebote\/rollstuhlsport\/roll-rock-cracks\/"]}]},{"@type":"BreadcrumbList","@id":"https:\/\/www.menschen-in-bewegung.de\/index.php\/sportangebote\/rollstuhlsport\/roll-rock-cracks\/#breadcrumb","itemListElement":[{"@type":"ListItem","position":1,"name":"Home","item":"https:\/\/www.menschen-in-bewegung.de\/"},{"@type":"ListItem","position":2,"name":"Sportangebote","item":"https:\/\/www.menschen-in-bewegung.de\/index.php\/sportangebote\/"},{"@type":"ListItem","position":3,"name":"Rollstuhlsport","item":"https:\/\/www.menschen-in-bewegung.de\/index.php\/sportangebote\/rollstuhlsport\/"},{"@type":"ListItem","position":4,"name":"Roll &#038; Rock Cracks"}]},{"@type":"WebSite","@id":"https:\/\/www.menschen-in-bewegung.de\/#website","url":"https:\/\/www.menschen-in-bewegung.de\/","name":"Menschen in Bewegung e.V.","description":"","publisher":{"@id":"https:\/\/www.menschen-in-bewegung.de\/#organization"},"potentialAction":[{"@type":"SearchAction","target":{"@type":"EntryPoint","urlTemplate":"https:\/\/www.menschen-in-bewegung.de\/?s={search_term_string}"},"query-input":{"@type":"PropertyValueSpecification","valueRequired":true,"valueName":"search_term_string"}}],"inLanguage":"de"},{"@type":"Organization","@id":"https:\/\/www.menschen-in-bewegung.de\/#organization","name":"Menschen in Bewegung e.V.","url":"https:\/\/www.menschen-in-bewegung.de\/","logo":{"@type":"ImageObject","inLanguage":"de","@id":"https:\/\/www.menschen-in-bewegung.de\/#\/schema\/logo\/image\/","url":"https:\/\/www.menschen-in-bewegung.de\/wp-content\/uploads\/2015\/11\/logo_mebe_v2.png","contentUrl":"https:\/\/www.menschen-in-bewegung.de\/wp-content\/uploads\/2015\/11\/logo_mebe_v2.png","width":500,"height":100,"caption":"Menschen in Bewegung e.V."},"image":{"@id":"https:\/\/www.menschen-in-bewegung.de\/#\/schema\/logo\/image\/"}}]}},"_links":{"self":[{"href":"https:\/\/www.menschen-in-bewegung.de\/index.php\/wp-json\/wp\/v2\/pages\/98","targetHints":{"allow":["GET"]}}],"collection":[{"href":"https:\/\/www.menschen-in-bewegung.de\/index.php\/wp-json\/wp\/v2\/pages"}],"about":[{"href":"https:\/\/www.menschen-in-bewegung.de\/index.php\/wp-json\/wp\/v2\/types\/page"}],"author":[{"embeddable":true,"href":"https:\/\/www.menschen-in-bewegung.de\/index.php\/wp-json\/wp\/v2\/users\/7"}],"replies":[{"embeddable":true,"href":"https:\/\/www.menschen-in-bewegung.de\/index.php\/wp-json\/wp\/v2\/comments?post=98"}],"version-history":[{"count":15,"href":"https:\/\/www.menschen-in-bewegung.de\/index.php\/wp-json\/wp\/v2\/pages\/98\/revisions"}],"predecessor-version":[{"id":1264,"href":"https:\/\/www.menschen-in-bewegung.de\/index.php\/wp-json\/wp\/v2\/pages\/98\/revisions\/1264"}],"up":[{"embeddable":true,"href":"https:\/\/www.menschen-in-bewegung.de\/index.php\/wp-json\/wp\/v2\/pages\/114"}],"wp:attachment":[{"href":"https:\/\/www.menschen-in-bewegung.de\/index.php\/wp-json\/wp\/v2\/media?parent=98"}],"curies":[{"name":"wp","href":"https:\/\/api.w.org\/{rel}","templated":true}]}}

<p>Rollstuhlsport ab 14 Jahre</p>
<p>Diese Gruppe ist für Rollstuhlfahrer und Fußgänger. Die Gruppe wird von einem Übungsleiter geleitet und von mindestens einem Assistenten unterstützt.</p>
<p>Wir probieren verschiedene Sportarten aus und machen alles, was den Teilnehmern Spaß macht, z. Bsp. Wheel Soccer, Rollstuhltraining, Mobilitätstraining und vieles mehr.</p>
<h2>Ablauf</h2>
<p>Nach einer gemeinsamen Begrüßung beginnen wir mit Übungen zum Dehnen und Beugen der Muskulatur und des Bewegungsapparates. Hier können die Grundfertigkeiten wie Anfahren, Bremsen, Drehen, Kippeln geübt werden. Ergänzt wird das Ganze durch kleine Aufwärmspielchen, um den Rollstuhl besser kennen zu lernen. Es gilt, jeder entscheidet selber, was er/sie ausprobieren möchte, je nach Interesse und körperlicher Einschränkung. Wir probieren alles aus, was Spaß macht. Eine Abschiedsrunde beschließt die Sporteinheit.</p>
<h2>Übungsleitung</h2>
<p>Mathias Kaiser<br />
Romy Pawellek<br />
Beata Hinz<br />
Natalie Heller</p>
<p><a href="/index.php/unser-team/" target="_self" rel="noopener">&#8230;mehr Infos zum Team</a></p>
<h2>Mitgliedschaft</h2>
<p>Wir laden jeden herzlich ein unsere Sportangebote unverbindlich auszuprobieren.</p>
<p>Für Mitglieder erheben wir einen monatlichen Vereinsbeitrag in Höhe von 12,00 Euro, für Geschwisterkinder 8,00 Euro. Das erweiterte organisatorische und betreuerische Angebot der Mix-Kids-Gruppe erfordert einen zusätzlichen Gruppenbeitrag in Höhe von 8,00 Euro.</p>
<p><b>Rehasportverordnung</b><br />Durch die Vorlage einer Rehasportverordnung können die Kosten für die Rehasportangebote „Mix Kids“ und „Roll &#038; Rock Cracks“ über die Krankenkasse abgerechnet werden (Vereinsbeiträge + Gruppenbeiträge).</p>
<p style="color:#d4383a">Bitte beachte unsere <a href="/index.php/infos-fuer-teilnehmer/" target="_self" rel="noopener">Infos für Teilnehmer</a>.</p>
<h2>Zeit</h2>
<p>jeden Dienstag, 18.30 &#8211; 20.00 Uhr</p>
<h2>Ort</h2>
<p>Sporthalle der Thomas-Mann Schule<br />
Thomas-Mann Strasse 14<br />
23564 Lübeck</p>
<div>
<p>Hinweis: die Halle befindet sich auf dieser Karte rechts oberhalb vom roten Pin direkt an der Thomas-Mann Straße</p>
<p><iframe loading="lazy" src="https://www.google.com/maps/embed?pb=!1m18!1m12!1m3!1d772.8581678910922!2d10.713919661699892!3d53.86126446027848!2m3!1f0!2f0!3f0!3m2!1i1024!2i768!4f13.1!3m3!1m2!1s0x47b20964d1756cc1%3A0xcb069d051ef06108!2sThomas-Mann-Stra%C3%9Fe+14%2C+23564+L%C3%BCbeck!5e1!3m2!1sde!2sde!4v1458170542812" width="707" height="450" frameborder="0" style="border:0" allowfullscreen></iframe>
</div>

<p>Rollstuhlsport ab 14 Jahre Diese Gruppe ist für Rollstuhlfahrer und Fußgänger. Die Gruppe wird von einem Übungsleiter geleitet und von mindestens einem Assistenten unterstützt. Wir probieren verschiedene Sportarten aus und &#8230; <a class="read-more" href="https://www.menschen-in-bewegung.de/index.php/sportangebote/rollstuhlsport/roll-rock-cracks/"><b>Weiterlesen</b></a></p>

<!-- This site is optimized with the Yoast SEO plugin v26.8 - https://yoast.com/product/yoast-seo-wordpress/ -->
<title>Roll &amp; Rock Cracks - Menschen in Bewegung e.V.</title>
<meta name="robots" content="index, follow, max-snippet:-1, max-image-preview:large, max-video-preview:-1" />
<link rel="canonical" href="https://www.menschen-in-bewegung.de/index.php/sportangebote/rollstuhlsport/roll-rock-cracks/" />
<meta property="og:locale" content="de_DE" />
<meta property="og:type" content="article" />
<meta property="og:title" content="Roll &amp; Rock Cracks - Menschen in Bewegung e.V." />
<meta property="og:description" content="Rollstuhlsport ab 14 Jahre Diese Gruppe ist für Rollstuhlfahrer und Fußgänger. Die Gruppe wird von einem Übungsleiter geleitet und von mindestens einem Assistenten unterstützt. Wir probieren verschiedene Sportarten aus und ... Weiterlesen" />
<meta property="og:url" content="https://www.menschen-in-bewegung.de/index.php/sportangebote/rollstuhlsport/roll-rock-cracks/" />
<meta property="og:site_name" content="Menschen in Bewegung e.V." />
<meta property="article:modified_time" content="2025-05-11T12:17:46+00:00" />
<meta name="twitter:card" content="summary_large_image" />
<meta name="twitter:label1" content="Geschätzte Lesezeit" />
	<meta name="twitter:data1" content="2 Minuten" />
<script type="application/ld+json" class="yoast-schema-graph">{"@context":"https://schema.org","@graph":[{"@type":"WebPage","@id":"https://www.menschen-in-bewegung.de/index.php/sportangebote/rollstuhlsport/roll-rock-cracks/","url":"https://www.menschen-in-bewegung.de/index.php/sportangebote/rollstuhlsport/roll-rock-cracks/","name":"Roll & Rock Cracks - Menschen in Bewegung e.V.","isPartOf":{"@id":"https://www.menschen-in-bewegung.de/#website"},"datePublished":"2015-09-20T14:44:28+00:00","dateModified":"2025-05-11T12:17:46+00:00","breadcrumb":{"@id":"https://www.menschen-in-bewegung.de/index.php/sportangebote/rollstuhlsport/roll-rock-cracks/#breadcrumb"},"inLanguage":"de","potentialAction":[{"@type":"ReadAction","target":["https://www.menschen-in-bewegung.de/index.php/sportangebote/rollstuhlsport/roll-rock-cracks/"]}]},{"@type":"BreadcrumbList","@id":"https://www.menschen-in-bewegung.de/index.php/sportangebote/rollstuhlsport/roll-rock-cracks/#breadcrumb","itemListElement":[{"@type":"ListItem","position":1,"name":"Home","item":"https://www.menschen-in-bewegung.de/"},{"@type":"ListItem","position":2,"name":"Sportangebote","item":"https://www.menschen-in-bewegung.de/index.php/sportangebote/"},{"@type":"ListItem","position":3,"name":"Rollstuhlsport","item":"https://www.menschen-in-bewegung.de/index.php/sportangebote/rollstuhlsport/"},{"@type":"ListItem","position":4,"name":"Roll &#038; Rock Cracks"}]},{"@type":"WebSite","@id":"https://www.menschen-in-bewegung.de/#website","url":"https://www.menschen-in-bewegung.de/","name":"Menschen in Bewegung e.V.","description":"","publisher":{"@id":"https://www.menschen-in-bewegung.de/#organization"},"potentialAction":[{"@type":"SearchAction","target":{"@type":"EntryPoint","urlTemplate":"https://www.menschen-in-bewegung.de/?s={search_term_string}"},"query-input":{"@type":"PropertyValueSpecification","valueRequired":true,"valueName":"search_term_string"}}],"inLanguage":"de"},{"@type":"Organization","@id":"https://www.menschen-in-bewegung.de/#organization","name":"Menschen in Bewegung e.V.","url":"https://www.menschen-in-bewegung.de/","logo":{"@type":"ImageObject","inLanguage":"de","@id":"https://www.menschen-in-bewegung.de/#/schema/logo/image/","url":"https://www.menschen-in-bewegung.de/wp-content/uploads/2015/11/logo_mebe_v2.png","contentUrl":"https://www.menschen-in-bewegung.de/wp-content/uploads/2015/11/logo_mebe_v2.png","width":500,"height":100,"caption":"Menschen in Bewegung e.V."},"image":{"@id":"https://www.menschen-in-bewegung.de/#/schema/logo/image/"}}]}</script>
<!-- / Yoast SEO plugin. -->

Rollstuhlsport ab 14 Jahre Diese Gruppe ist für Rollstuhlfahrer und Fußgänger. Die Gruppe wird von einem Übungsleiter geleitet und von mindestens einem Assistenten unterstützt. Wir probieren verschiedene Sportarten aus und ... Weiterlesen
